CRAN Package Check Results for Package PKPDmodels

Last updated on 2020-12-01 12:49:27 CET.

Flavor Version Tinstall Tcheck Ttotal Status Flags
r-devel-linux-x86_64-debian-clang 0.3.2 2.36 25.55 27.91 NOTE
r-devel-linux-x86_64-debian-gcc 0.3.2 1.81 20.24 22.05 NOTE
r-devel-linux-x86_64-fedora-clang 0.3.2 40.93 NOTE
r-devel-linux-x86_64-fedora-gcc 0.3.2 32.28 NOTE
r-devel-windows-ix86+x86_64 0.3.2 3.00 40.00 43.00 NOTE
r-patched-linux-x86_64 0.3.2 2.70 25.52 28.22 NOTE
r-patched-solaris-x86 0.3.2 46.70 NOTE
r-release-linux-x86_64 0.3.2 1.97 24.54 26.51 NOTE
r-release-macos-x86_64 0.3.2 NOTE
r-release-windows-ix86+x86_64 0.3.2 4.00 32.00 36.00 NOTE
r-oldrel-macos-x86_64 0.3.2 NOTE
r-oldrel-windows-ix86+x86_64 0.3.2 3.00 39.00 42.00 NOTE

Check Details

Version: 0.3.2
Check: R code for possible problems
Result: NOTE
    PKmod: no visible global function definition for 'deriv'
    Undefined global functions or variables:
     deriv
    Consider adding
     importFrom("stats", "deriv")
    to your NAMESPACE file.
Flavors: r-devel-linux-x86_64-debian-clang, r-devel-linux-x86_64-debian-gcc, r-devel-linux-x86_64-fedora-clang, r-devel-linux-x86_64-fedora-gcc, r-devel-windows-ix86+x86_64, r-patched-linux-x86_64, r-patched-solaris-x86, r-release-linux-x86_64, r-release-macos-x86_64, r-release-windows-ix86+x86_64, r-oldrel-macos-x86_64, r-oldrel-windows-ix86+x86_64