Last updated on 2025-01-19 00:49:42 CET.
Flavor | Version | Tinstall | Tcheck | Ttotal | Status | Flags |
---|---|---|---|---|---|---|
r-devel-linux-x86_64-debian-clang | 1.4.0 | 56.78 | 476.47 | 533.25 | OK | |
r-devel-linux-x86_64-debian-gcc | 1.4.0 | 42.63 | 364.08 | 406.71 | OK | |
r-devel-linux-x86_64-fedora-clang | 1.4.0 | 941.61 | NOTE | |||
r-devel-linux-x86_64-fedora-gcc | 1.4.0 | 1115.61 | NOTE | |||
r-devel-windows-x86_64 | 1.4.0 | 64.00 | 547.00 | 611.00 | OK | |
r-patched-linux-x86_64 | 1.4.0 | 63.17 | 503.58 | 566.75 | OK | |
r-release-linux-x86_64 | 1.4.0 | 60.52 | 488.04 | 548.56 | OK | |
r-release-macos-arm64 | 1.4.0 | 237.00 | OK | |||
r-release-macos-x86_64 | 1.4.0 | 729.00 | OK | |||
r-release-windows-x86_64 | 1.4.0 | 64.00 | 555.00 | 619.00 | OK | |
r-oldrel-macos-arm64 | 1.4.0 | 212.00 | OK | |||
r-oldrel-macos-x86_64 | 1.4.0 | 444.00 | OK | |||
r-oldrel-windows-x86_64 | 1.4.0 | 73.00 | 694.00 | 767.00 | OK |
Version: 1.4.0
Check: dependencies in R code
Result: NOTE
Namespace in Imports field not imported from: ‘BH’
All declared Imports should be used.
Flavors: r-devel-linux-x86_64-fedora-clang, r-devel-linux-x86_64-fedora-gcc