CRAN Package Check Results for Package PLMIX

Last updated on 2022-08-08 18:52:14 CEST.

Flavor Version Tinstall Tcheck Ttotal Status Flags
r-devel-linux-x86_64-debian-clang 2.1.1 176.03 162.34 338.37 OK
r-devel-linux-x86_64-debian-gcc 2.1.1 127.66 118.58 246.24 OK
r-devel-linux-x86_64-fedora-clang 2.1.1 505.81 NOTE
r-devel-linux-x86_64-fedora-gcc 2.1.1 424.27 NOTE
r-devel-windows-x86_64 2.1.1 142.00 218.00 360.00 OK
r-patched-linux-x86_64 2.1.1 143.85 150.39 294.24 OK
r-release-linux-x86_64 2.1.1 OK
r-release-macos-arm64 2.1.1 104.00 NOTE
r-release-macos-x86_64 2.1.1 176.00 NOTE
r-release-windows-x86_64 2.1.1 146.00 216.00 362.00 OK
r-oldrel-macos-arm64 2.1.1 113.00 NOTE
r-oldrel-macos-x86_64 2.1.1 142.00 NOTE
r-oldrel-windows-ix86+x86_64 2.1.1 431.00 302.00 733.00 OK

Check Details

Version: 2.1.1
Check: dependencies in R code
Result: NOTE
    Namespaces in Imports field not imported from:
     ‘PlackettLuce’ ‘StatRank’ ‘pmr’ ‘prefmod’ ‘rankdist’
     All declared Imports should be used.
Flavors: r-devel-linux-x86_64-fedora-clang, r-devel-linux-x86_64-fedora-gcc, r-release-macos-arm64, r-release-macos-x86_64, r-oldrel-macos-arm64, r-oldrel-macos-x86_64