CRAN Package Check Results for Package PLMIX

Last updated on 2022-01-22 18:51:03 CET.

Flavor Version Tinstall Tcheck Ttotal Status Flags
r-devel-linux-x86_64-debian-clang 2.1.1 185.66 179.71 365.37 OK
r-devel-linux-x86_64-debian-gcc 2.1.1 118.82 133.37 252.19 OK
r-devel-linux-x86_64-fedora-clang 2.1.1 511.53 NOTE
r-devel-linux-x86_64-fedora-gcc 2.1.1 440.36 NOTE
r-devel-windows-x86_64-new-UL 2.1.1 172.00 234.00 406.00 OK
r-devel-windows-x86_64-new-TK 2.1.1 NOTE
r-patched-linux-x86_64 2.1.1 148.69 167.88 316.57 OK
r-release-linux-x86_64 2.1.1 150.67 167.27 317.94 OK
r-release-macos-arm64 2.1.1 NOTE
r-release-macos-x86_64 2.1.1 NOTE
r-release-windows-ix86+x86_64 2.1.1 434.00 320.00 754.00 OK
r-oldrel-macos-x86_64 2.1.1 NOTE
r-oldrel-windows-ix86+x86_64 2.1.1 436.00 321.00 757.00 OK

Check Details

Version: 2.1.1
Check: dependencies in R code
Result: NOTE
    Namespaces in Imports field not imported from:
     ‘PlackettLuce’ ‘StatRank’ ‘pmr’ ‘prefmod’ ‘rankdist’
     All declared Imports should be used.
Flavors: r-devel-linux-x86_64-fedora-clang, r-devel-linux-x86_64-fedora-gcc, r-devel-windows-x86_64-new-TK, r-release-macos-arm64, r-release-macos-x86_64, r-oldrel-macos-x86_64