Last updated on 2022-07-04 17:51:38 CEST.
Flavor | Version | Tinstall | Tcheck | Ttotal | Status | Flags |
---|---|---|---|---|---|---|
r-devel-linux-x86_64-debian-clang | 0.1.1 | 42.34 | 394.80 | 437.14 | OK | |
r-devel-linux-x86_64-debian-gcc | 0.1.1 | 34.04 | 290.75 | 324.79 | OK | |
r-devel-linux-x86_64-fedora-clang | 0.1.1 | 545.29 | NOTE | |||
r-devel-linux-x86_64-fedora-gcc | 0.1.1 | 520.31 | NOTE | |||
r-devel-windows-x86_64 | 0.1.1 | 50.00 | 394.00 | 444.00 | OK | |
r-patched-linux-x86_64 | 0.1.1 | 38.85 | 360.08 | 398.93 | OK | |
r-release-linux-x86_64 | 0.1.1 | 34.49 | 361.62 | 396.11 | OK | |
r-release-macos-arm64 | 0.1.1 | 135.00 | NOTE | |||
r-release-macos-x86_64 | 0.1.1 | 239.00 | NOTE | |||
r-release-windows-x86_64 | 0.1.1 | 43.00 | 384.00 | 427.00 | OK | |
r-oldrel-macos-arm64 | 0.1.1 | 96.00 | NOTE | |||
r-oldrel-macos-x86_64 | 0.1.1 | 186.00 | NOTE | |||
r-oldrel-windows-ix86+x86_64 | 0.1.1 | 86.00 | 389.00 | 475.00 | OK |
Version: 0.1.1
Check: dependencies in R code
Result: NOTE
Namespaces in Imports field not imported from:
‘base’ ‘grDevices’
All declared Imports should be used.
Flavors: r-devel-linux-x86_64-fedora-clang, r-devel-linux-x86_64-fedora-gcc, r-release-macos-arm64, r-release-macos-x86_64, r-oldrel-macos-arm64, r-oldrel-macos-x86_64