CRAN Package Check Results for Package POD

Last updated on 2024-04-12 18:57:22 CEST.

Flavor Version Tinstall Tcheck Ttotal Status Flags
r-devel-linux-x86_64-debian-clang 1.2.0 2.28 28.07 30.35 NOTE
r-devel-linux-x86_64-debian-gcc 1.2.0 2.14 21.75 23.89 NOTE
r-devel-linux-x86_64-fedora-clang 1.2.0 39.40 NOTE
r-devel-linux-x86_64-fedora-gcc 1.2.0 50.57 NOTE
r-devel-windows-x86_64 1.2.0 4.00 40.00 44.00 NOTE
r-patched-linux-x86_64 1.2.0 2.36 27.27 29.63 NOTE
r-release-linux-x86_64 1.2.0 2.14 25.33 27.47 NOTE
r-release-macos-arm64 1.2.0 21.00 NOTE
r-release-macos-x86_64 1.2.0 33.00 NOTE
r-release-windows-x86_64 1.2.0 4.00 39.00 43.00 NOTE
r-oldrel-macos-arm64 1.2.0 17.00 NOTE
r-oldrel-windows-x86_64 1.2.0 7.00 49.00 56.00 NOTE

Check Details

Version: 1.2.0
Check: LazyData
Result: NOTE 'LazyData' is specified without a 'data' directory Flavors: r-devel-linux-x86_64-debian-clang, r-devel-linux-x86_64-debian-gcc, r-devel-linux-x86_64-fedora-clang, r-devel-linux-x86_64-fedora-gcc, r-devel-windows-x86_64, r-patched-linux-x86_64, r-release-linux-x86_64, r-release-macos-arm64, r-release-macos-x86_64, r-release-windows-x86_64, r-oldrel-macos-arm64, r-oldrel-windows-x86_64