Last updated on 2023-02-01 08:59:51 CET.
Flavor | Version | Tinstall | Tcheck | Ttotal | Status | Flags |
---|---|---|---|---|---|---|
r-devel-linux-x86_64-debian-clang | 1.0 | 57.90 | 28.08 | 85.98 | NOTE | |
r-devel-linux-x86_64-debian-gcc | 1.0 | 47.43 | 21.63 | 69.06 | NOTE | |
r-devel-linux-x86_64-fedora-clang | 1.0 | 126.47 | NOTE | |||
r-devel-linux-x86_64-fedora-gcc | 1.0 | 114.36 | NOTE | |||
r-devel-windows-x86_64 | 1.0 | 50.00 | 78.00 | 128.00 | NOTE | |
r-patched-linux-x86_64 | 1.0 | 54.88 | 27.59 | 82.47 | OK | |
r-release-linux-x86_64 | 1.0 | 54.13 | 27.67 | 81.80 | OK | |
r-release-macos-arm64 | 1.0 | 32.00 | OK | |||
r-release-macos-x86_64 | 1.0 | 44.00 | OK | |||
r-release-windows-x86_64 | 1.0 | 50.00 | 84.00 | 134.00 | OK | |
r-oldrel-macos-arm64 | 1.0 | 37.00 | NOTE | |||
r-oldrel-macos-x86_64 | 1.0 | 62.00 | OK | |||
r-oldrel-windows-ix86+x86_64 | 1.0 | 136.00 | 76.00 | 212.00 | OK |
Version: 1.0
Check: C++ specification
Result: NOTE
Specified C++11: please update to current default of C++17
Flavors: r-devel-linux-x86_64-debian-clang, r-devel-linux-x86_64-debian-gcc, r-devel-linux-x86_64-fedora-clang, r-devel-linux-x86_64-fedora-gcc, r-devel-windows-x86_64
Version: 1.0
Check: installed package size
Result: NOTE
installed size is 5.4Mb
sub-directories of 1Mb or more:
libs 5.2Mb
Flavor: r-oldrel-macos-arm64