CRAN Package Check Results for Package PPMR

Last updated on 2022-06-28 03:51:39 CEST.

Flavor Version Tinstall Tcheck Ttotal Status Flags
r-devel-linux-x86_64-debian-clang 1.0 61.98 27.57 89.55 OK
r-devel-linux-x86_64-debian-gcc 1.0 50.49 21.74 72.23 OK
r-devel-linux-x86_64-fedora-clang 1.0 137.91 OK
r-devel-linux-x86_64-fedora-gcc 1.0 121.49 OK
r-devel-windows-x86_64 1.0 51.00 74.00 125.00 OK
r-patched-linux-x86_64 1.0 55.54 27.06 82.60 OK
r-release-linux-x86_64 1.0 52.93 27.44 80.37 OK
r-release-macos-arm64 1.0 32.00 OK
r-release-macos-x86_64 1.0 44.00 OK
r-release-windows-x86_64 1.0 49.00 75.00 124.00 OK
r-oldrel-macos-arm64 1.0 37.00 NOTE
r-oldrel-macos-x86_64 1.0 62.00 OK
r-oldrel-windows-ix86+x86_64 1.0 138.00 80.00 218.00 OK

Check Details

Version: 1.0
Check: installed package size
Result: NOTE
     installed size is 5.4Mb
     sub-directories of 1Mb or more:
     libs 5.2Mb
Flavor: r-oldrel-macos-arm64