CRAN Package Check Results for Package PPQplan

Last updated on 2019-08-24 02:48:40 CEST.

Flavor Version Tinstall Tcheck Ttotal Status Flags
r-devel-linux-x86_64-debian-clang 0.1.0 6.43 116.61 123.04 NOTE
r-devel-linux-x86_64-debian-gcc 0.1.0 5.87 82.86 88.73 NOTE
r-devel-linux-x86_64-fedora-clang 0.1.0 139.68 OK
r-devel-linux-x86_64-fedora-gcc 0.1.0 134.60 OK
r-devel-windows-ix86+x86_64 0.1.0 17.00 129.00 146.00 NOTE
r-patched-linux-x86_64 0.1.0 5.86 110.07 115.93 OK
r-patched-solaris-x86 0.1.0 153.60 WARN
r-release-linux-x86_64 0.1.0 6.26 109.57 115.83 OK
r-release-windows-ix86+x86_64 0.1.0 23.00 185.00 208.00 OK
r-release-osx-x86_64 0.1.0 WARN
r-oldrel-windows-ix86+x86_64 0.1.0 15.00 176.00 191.00 OK
r-oldrel-osx-x86_64 0.1.0 WARN

Check Details

Version: 0.1.0
Check: package vignettes
Result: NOTE
    Package vignette with placeholder title 'Vignette Title':
     'PPQplan-vignette.Rmd'
Flavors: r-devel-linux-x86_64-debian-clang, r-devel-linux-x86_64-debian-gcc, r-devel-windows-ix86+x86_64

Version: 0.1.0
Check: re-building of vignette outputs
Result: WARN
    Error(s) in re-building vignettes:
     ...
    --- re-building ‘PPQplan-vignette.Rmd’ using rmarkdown
    Warning in engine$weave(file, quiet = quiet, encoding = enc) :
     Pandoc (>= 1.12.3) and/or pandoc-citeproc not available. Falling back to R Markdown v1.
    Warning in normalizePath(f2) :
     path[1]="webshot6eba3a931759.png": No such file or directory
    Warning in file(con, "rb") :
     cannot open file 'webshot6eba3a931759.png': No such file or directory
    Quitting from lines 125-126 (PPQplan-vignette.Rmd)
    Error: processing vignette 'PPQplan-vignette.Rmd' failed with diagnostics:
    cannot open the connection
    --- failed re-building ‘PPQplan-vignette.Rmd’
    
    SUMMARY: processing the following file failed:
     ‘PPQplan-vignette.Rmd’
    
    Error: Vignette re-building failed.
    Execution halted
Flavor: r-patched-solaris-x86

Version: 0.1.0
Check: whether package can be installed
Result: WARN
    Found the following significant warnings:
     Warning: 'rgl_init' failed, running with rgl.useNULL = TRUE
Flavors: r-release-osx-x86_64, r-oldrel-osx-x86_64

Version: 0.1.0
Check: re-building of vignette outputs
Result: WARN
    Error(s) in re-building vignettes:
     ...
    --- re-building ‘PPQplan-vignette.Rmd’ using rmarkdown
    Warning in engine$weave(file, quiet = quiet, encoding = enc) :
     Pandoc (>= 1.12.3) and/or pandoc-citeproc not available. Falling back to R Markdown v1.
    Warning in normalizePath(f2) :
     path[1]="webshote9d23d876121.png": No such file or directory
    Warning in file(con, "rb") :
     cannot open file 'webshote9d23d876121.png': No such file or directory
    Quitting from lines 125-126 (PPQplan-vignette.Rmd)
    Error: processing vignette 'PPQplan-vignette.Rmd' failed with diagnostics:
    cannot open the connection
    --- failed re-building ‘PPQplan-vignette.Rmd’
    
    SUMMARY: processing the following file failed:
     ‘PPQplan-vignette.Rmd’
    
    Error: Vignette re-building failed.
    Execution halted
Flavor: r-release-osx-x86_64

Version: 0.1.0
Check: re-building of vignette outputs
Result: WARN
    Error in re-building vignettes:
     ...
    Warning in engine$weave(file, quiet = quiet, encoding = enc) :
     Pandoc (>= 1.12.3) and/or pandoc-citeproc not available. Falling back to R Markdown v1.
    Warning: Ignoring unknown aesthetics: z
    Warning: Ignoring unknown aesthetics: z
    Warning in normalizePath(f2) :
     path[1]="./webshot1635920dad531.png": No such file or directory
    Warning in file(con, "rb") :
     cannot open file './webshot1635920dad531.png': No such file or directory
    Quitting from lines 125-126 (PPQplan-vignette.Rmd)
    Error: processing vignette 'PPQplan-vignette.Rmd' failed with diagnostics:
    cannot open the connection
    Execution halted
Flavor: r-oldrel-osx-x86_64