CRAN Package Check Results for Package PPtreeViz

Last updated on 2019-10-14 05:47:05 CEST.

Flavor Version Tinstall Tcheck Ttotal Status Flags
r-devel-linux-x86_64-debian-clang 2.0.3 36.16 75.69 111.85 OK
r-devel-linux-x86_64-debian-gcc 2.0.3 30.81 57.35 88.16 OK
r-devel-linux-x86_64-fedora-clang 2.0.3 140.75 NOTE
r-devel-linux-x86_64-fedora-gcc 2.0.3 138.74 NOTE
r-devel-windows-ix86+x86_64 2.0.3 69.00 120.00 189.00 OK
r-patched-linux-x86_64 2.0.3 30.68 70.93 101.61 OK
r-patched-solaris-x86 2.0.3 170.90 NOTE
r-release-linux-x86_64 2.0.3 32.90 71.49 104.39 OK
r-release-windows-ix86+x86_64 2.0.3 93.00 126.00 219.00 OK
r-release-osx-x86_64 2.0.3 NOTE
r-oldrel-windows-ix86+x86_64 2.0.3 62.00 110.00 172.00 OK
r-oldrel-osx-x86_64 2.0.3 NOTE

Check Details

Version: 2.0.3
Check: dependencies in R code
Result: NOTE
    Namespace in Imports field not imported from: ‘Rcpp’
     All declared Imports should be used.
Flavors: r-devel-linux-x86_64-fedora-clang, r-devel-linux-x86_64-fedora-gcc, r-patched-solaris-x86, r-release-osx-x86_64, r-oldrel-osx-x86_64