CRAN Package Check Results for Package PQLseq

Last updated on 2019-09-20 09:51:30 CEST.

Flavor Version Tinstall Tcheck Ttotal Status Flags
r-devel-linux-x86_64-debian-clang 1.1 47.12 54.87 101.99 NOTE
r-devel-linux-x86_64-debian-gcc 1.1 36.57 44.15 80.72 NOTE
r-devel-linux-x86_64-fedora-clang 1.1 138.63 NOTE
r-devel-linux-x86_64-fedora-gcc 1.1 134.95 NOTE
r-devel-windows-ix86+x86_64 1.1 119.00 142.00 261.00 OK
r-patched-linux-x86_64 1.1 43.36 53.27 96.63 NOTE
r-patched-solaris-x86 1.1 160.80 OK
r-release-linux-x86_64 1.1 39.65 54.20 93.85 NOTE
r-release-windows-ix86+x86_64 1.1 91.00 100.00 191.00 OK
r-release-osx-x86_64 1.1 OK
r-oldrel-windows-ix86+x86_64 1.1 74.00 103.00 177.00 OK
r-oldrel-osx-x86_64 1.1 OK

Check Details

Version: 1.1
Check: use of SHLIB_OPENMP_*FLAGS in Makefiles
Result: NOTE
     src/Makevars: SHLIB_OPENMP_CXXFLAGS is included in PKG_CXXFLAGS but not in PKG_LIBS
     src/Makevars: SHLIB_OPENMP_CFLAGS is included in PKG_LIBS but linking is by C++
     src/Makevars.win: SHLIB_OPENMP_CXXFLAGS is included in PKG_CXXFLAGS but not in PKG_LIBS
     src/Makevars.win: SHLIB_OPENMP_CFLAGS is included in PKG_LIBS but linking is by C++
    Use of these macros is discussed in sect 1.2.1.1 of 'Writing R
    Extensions'. The macros for different languages may differ so the
    matching macro must be used in PKG_CXXFLAGS (etc) and match that used
    in PKG_LIBS (except for Fortran: see the manual).
Flavors: r-devel-linux-x86_64-debian-clang, r-devel-linux-x86_64-debian-gcc, r-devel-linux-x86_64-fedora-clang, r-devel-linux-x86_64-fedora-gcc, r-patched-linux-x86_64, r-release-linux-x86_64