CRAN Package Check Results for Package PQLseq

Last updated on 2019-06-20 09:47:57 CEST.

Flavor Version Tinstall Tcheck Ttotal Status Flags
r-devel-linux-x86_64-debian-clang 1.1 42.52 54.34 96.86 NOTE
r-devel-linux-x86_64-debian-gcc 1.1 34.04 44.71 78.75 NOTE
r-devel-linux-x86_64-fedora-clang 1.1 137.95 NOTE
r-devel-linux-x86_64-fedora-gcc 1.1 124.52 NOTE
r-devel-windows-ix86+x86_64 1.1 114.00 138.00 252.00 OK
r-patched-linux-x86_64 1.1 44.36 54.36 98.72 NOTE
r-patched-solaris-x86 1.1 158.20 OK
r-release-linux-x86_64 1.1 40.55 55.32 95.87 NOTE
r-release-windows-ix86+x86_64 1.1 119.00 140.00 259.00 OK
r-release-osx-x86_64 1.1 OK
r-oldrel-windows-ix86+x86_64 1.1 81.00 142.00 223.00 OK
r-oldrel-osx-x86_64 1.1 OK

Check Details

Version: 1.1
Check: use of SHLIB_OPENMP_*FLAGS in Makefiles
Result: NOTE
     src/Makevars: SHLIB_OPENMP_CXXFLAGS is included in PKG_CXXFLAGS but not in PKG_LIBS
     src/Makevars: SHLIB_OPENMP_CFLAGS is included in PKG_LIBS but linking is by C++
     src/Makevars.win: SHLIB_OPENMP_CXXFLAGS is included in PKG_CXXFLAGS but not in PKG_LIBS
     src/Makevars.win: SHLIB_OPENMP_CFLAGS is included in PKG_LIBS but linking is by C++
    Use of these macros is discussed in sect 1.2.1.1 of 'Writing R
    Extensions'. The macros for different languages may differ so the
    matching macro must be used in PKG_CXXFLAGS (etc) and match that used
    in PKG_LIBS (except for Fortran: see the manual).
Flavors: r-devel-linux-x86_64-debian-clang, r-devel-linux-x86_64-debian-gcc, r-devel-linux-x86_64-fedora-clang, r-devel-linux-x86_64-fedora-gcc, r-patched-linux-x86_64, r-release-linux-x86_64