CRAN Package Check Results for Package PRDA

Last updated on 2021-09-19 09:50:33 CEST.

Flavor Version Tinstall Tcheck Ttotal Status Flags
r-devel-linux-x86_64-debian-clang 1.0.0 43.08 218.02 261.10 NOTE
r-devel-linux-x86_64-debian-gcc 1.0.0 25.92 152.24 178.16 NOTE
r-devel-linux-x86_64-fedora-clang 1.0.0 328.66 NOTE
r-devel-linux-x86_64-fedora-gcc 1.0.0 325.10 NOTE
r-devel-windows-x86_64 1.0.0 38.00 233.00 271.00 NOTE
r-devel-windows-x86_64-gcc10-UCRT 1.0.0 ERROR
r-patched-linux-x86_64 1.0.0 31.95 215.64 247.59 NOTE
r-patched-solaris-x86 1.0.0 121.10 NOTE
r-release-linux-x86_64 1.0.0 30.04 215.91 245.95 NOTE
r-release-macos-arm64 1.0.0 NOTE
r-release-macos-x86_64 1.0.0 NOTE
r-release-windows-ix86+x86_64 1.0.0 96.00 331.00 427.00 NOTE
r-oldrel-macos-x86_64 1.0.0 OK
r-oldrel-windows-ix86+x86_64 1.0.0 96.00 336.00 432.00 OK

Check Details

Version: 1.0.0
Check: LazyData
Result: NOTE
     'LazyData' is specified without a 'data' directory
Flavors: r-devel-linux-x86_64-debian-clang, r-devel-linux-x86_64-debian-gcc, r-devel-linux-x86_64-fedora-clang, r-devel-linux-x86_64-fedora-gcc, r-devel-windows-x86_64, r-patched-linux-x86_64, r-patched-solaris-x86, r-release-linux-x86_64, r-release-macos-arm64, r-release-macos-x86_64, r-release-windows-ix86+x86_64

Version: 1.0.0
Check: whether package can be installed
Result: ERROR
    Installation failed.
Flavor: r-devel-windows-x86_64-gcc10-UCRT