CRAN Package Check Results for Package PRIMME

Last updated on 2019-12-10 08:48:31 CET.

Flavor Version Tinstall Tcheck Ttotal Status Flags
r-devel-linux-x86_64-debian-clang 3.0-0 84.91 31.13 116.04 OK
r-devel-linux-x86_64-debian-gcc 3.0-0 81.26 24.73 105.99 OK
r-devel-linux-x86_64-fedora-clang 3.0-0 160.71 NOTE
r-devel-linux-x86_64-fedora-gcc 3.0-0 202.92 OK
r-devel-windows-ix86+x86_64 3.0-0 222.00 74.00 296.00 NOTE
r-devel-windows-ix86+x86_64-gcc8 3.0-0 216.00 81.00 297.00 NOTE
r-patched-linux-x86_64 3.0-0 92.60 28.98 121.58 OK
r-patched-solaris-x86 3.0-0 224.20 OK
r-release-linux-x86_64 3.0-0 87.69 29.43 117.12 OK
r-release-windows-ix86+x86_64 3.0-0 243.00 73.00 316.00 NOTE
r-release-osx-x86_64 3.0-0 NOTE
r-oldrel-windows-ix86+x86_64 3.0-0 212.00 73.00 285.00 NOTE
r-oldrel-osx-x86_64 3.0-0 NOTE

Additional issues

clang-UBSAN gcc-UBSAN

Check Details

Version: 3.0-0
Check: installed package size
Result: NOTE
     installed size is 6.4Mb
     sub-directories of 1Mb or more:
     libs 6.1Mb
Flavors: r-devel-linux-x86_64-fedora-clang, r-devel-windows-ix86+x86_64, r-devel-windows-ix86+x86_64-gcc8, r-release-windows-ix86+x86_64, r-release-osx-x86_64, r-oldrel-windows-ix86+x86_64, r-oldrel-osx-x86_64