CRAN Package Check Results for Package PRISM.forecast

Last updated on 2022-05-21 17:50:59 CEST.

Flavor Version Tinstall Tcheck Ttotal Status Flags
r-devel-linux-x86_64-debian-clang 0.2.1 2.98 45.56 48.54 NOTE
r-devel-linux-x86_64-debian-gcc 0.2.1 2.73 34.53 37.26 NOTE
r-devel-linux-x86_64-fedora-clang 0.2.1 56.70 NOTE
r-devel-linux-x86_64-fedora-gcc 0.2.1 59.41 NOTE
r-devel-windows-x86_64 0.2.1 532.00 69.00 601.00 NOTE
r-patched-linux-x86_64 0.2.1 2.94 43.26 46.20 NOTE
r-release-linux-x86_64 0.2.1 2.77 44.34 47.11 NOTE
r-release-macos-arm64 0.2.1 21.00 NOTE
r-release-macos-x86_64 0.2.1 30.00 NOTE
r-release-windows-x86_64 0.2.1 366.00 70.00 436.00 NOTE
r-oldrel-macos-arm64 0.2.1 23.00 NOTE
r-oldrel-macos-x86_64 0.2.1 36.00 NOTE
r-oldrel-windows-ix86+x86_64 0.2.1 9.00 56.00 65.00 NOTE

Check Details

Version: 0.2.1
Check: LazyData
Result: NOTE
     'LazyData' is specified without a 'data' directory
Flavors: r-devel-linux-x86_64-debian-clang, r-devel-linux-x86_64-debian-gcc, r-devel-linux-x86_64-fedora-clang, r-devel-linux-x86_64-fedora-gcc, r-devel-windows-x86_64, r-patched-linux-x86_64, r-release-linux-x86_64, r-release-macos-arm64, r-release-macos-x86_64, r-release-windows-x86_64, r-oldrel-macos-arm64, r-oldrel-macos-x86_64, r-oldrel-windows-ix86+x86_64