CRAN Package Check Results for Package PRISM.forecast

Last updated on 2021-10-25 02:51:05 CEST.

Flavor Version Tinstall Tcheck Ttotal Status Flags
r-devel-linux-x86_64-debian-clang 0.2.1 2.62 32.25 34.87 NOTE
r-devel-linux-x86_64-debian-gcc 0.2.1 2.22 25.01 27.23 NOTE
r-devel-linux-x86_64-fedora-clang 0.2.1 53.32 NOTE
r-devel-linux-x86_64-fedora-gcc 0.2.1 42.23 NOTE
r-devel-windows-x86_64 0.2.1 6.00 54.00 60.00 NOTE
r-devel-windows-x86_64-gcc10-UCRT 0.2.1 NOTE
r-patched-linux-x86_64 0.2.1 3.32 31.69 35.01 NOTE
r-patched-solaris-x86 0.2.1 66.90 NOTE
r-release-linux-x86_64 0.2.1 3.21 31.82 35.03 NOTE
r-release-macos-arm64 0.2.1 NOTE
r-release-macos-x86_64 0.2.1 NOTE
r-release-windows-ix86+x86_64 0.2.1 6.00 52.00 58.00 NOTE
r-oldrel-macos-x86_64 0.2.1 OK
r-oldrel-windows-ix86+x86_64 0.2.1 7.00 54.00 61.00 OK

Check Details

Version: 0.2.1
Check: LazyData
Result: NOTE
     'LazyData' is specified without a 'data' directory
Flavors: r-devel-linux-x86_64-debian-clang, r-devel-linux-x86_64-debian-gcc, r-devel-linux-x86_64-fedora-clang, r-devel-linux-x86_64-fedora-gcc, r-devel-windows-x86_64, r-devel-windows-x86_64-gcc10-UCRT, r-patched-linux-x86_64, r-patched-solaris-x86, r-release-linux-x86_64, r-release-macos-arm64, r-release-macos-x86_64, r-release-windows-ix86+x86_64