CRAN Package Check Results for Package PROJ

Last updated on 2020-04-10 04:48:54 CEST.

Flavor Version Tinstall Tcheck Ttotal Status Flags
r-devel-linux-x86_64-debian-clang 0.1.5 5.43 26.92 32.35 OK
r-devel-linux-x86_64-debian-gcc 0.1.5 3.64 21.50 25.14 OK
r-devel-linux-x86_64-fedora-clang 0.1.5 39.00 OK
r-devel-linux-x86_64-fedora-gcc 0.1.5 38.52 OK
r-devel-windows-ix86+x86_64 0.1.5 24.00 110.00 134.00 NOTE
r-devel-windows-ix86+x86_64-gcc8 0.1.0 21.00 79.00 100.00 NOTE
r-patched-linux-x86_64 0.1.5 4.32 26.74 31.06 OK
r-patched-osx-x86_64 0.1.5 OK
r-patched-solaris-x86 0.1.5 79.70 OK
r-release-linux-x86_64 0.1.5 3.74 25.20 28.94 OK
r-release-windows-ix86+x86_64 0.1.5 22.00 100.00 122.00 NOTE
r-release-osx-x86_64 0.1.5 OK
r-oldrel-windows-ix86+x86_64 0.1.5 32.00 107.00 139.00 NOTE
r-oldrel-osx-x86_64 0.1.0 OK

Check Details

Version: 0.1.5
Check: installed package size
Result: NOTE
     installed size is 12.4Mb
     sub-directories of 1Mb or more:
     libs 7.2Mb
     proj 5.0Mb
Flavors: r-devel-windows-ix86+x86_64, r-release-windows-ix86+x86_64, r-oldrel-windows-ix86+x86_64

Version: 0.1.0
Check: installed package size
Result: NOTE
     installed size is 12.9Mb
     sub-directories of 1Mb or more:
     libs 7.7Mb
     proj 5.0Mb
Flavor: r-devel-windows-ix86+x86_64-gcc8