Last updated on 2023-12-04 03:53:52 CET.
Flavor | Version | Tinstall | Tcheck | Ttotal | Status | Flags |
---|---|---|---|---|---|---|
r-devel-linux-x86_64-debian-clang | 1.3.8 | 17.45 | 244.06 | 261.51 | OK | |
r-devel-linux-x86_64-debian-gcc | 1.3.8 | 15.05 | 176.44 | 191.49 | OK | |
r-devel-linux-x86_64-fedora-clang | 1.3.8 | 337.97 | NOTE | |||
r-devel-linux-x86_64-fedora-gcc | 1.3.8 | 340.49 | NOTE | |||
r-devel-windows-x86_64 | 1.3.8 | 16.00 | 192.00 | 208.00 | NOTE | |
r-patched-linux-x86_64 | 1.3.8 | 23.63 | 229.41 | 253.04 | OK | |
r-release-linux-x86_64 | 1.3.8 | 14.03 | 227.04 | 241.07 | OK | |
r-release-macos-arm64 | 1.3.8 | 82.00 | NOTE | |||
r-release-macos-x86_64 | 1.3.8 | 142.00 | NOTE | |||
r-release-windows-x86_64 | 1.3.8 | 20.00 | 243.00 | 263.00 | NOTE | |
r-oldrel-macos-arm64 | 1.3.8 | 92.00 | NOTE | |||
r-oldrel-macos-x86_64 | 1.3.6 | 113.00 | OK | |||
r-oldrel-windows-x86_64 | 1.3.8 | 22.00 | 237.00 | 259.00 | NOTE |
Version: 1.3.8
Check: installed package size
Result: NOTE
installed size is 6.3Mb
sub-directories of 1Mb or more:
doc 5.6Mb
Flavors: r-devel-linux-x86_64-fedora-clang, r-devel-windows-x86_64, r-release-macos-arm64, r-release-macos-x86_64, r-release-windows-x86_64, r-oldrel-macos-arm64, r-oldrel-windows-x86_64
Version: 1.3.8
Check: data for non-ASCII characters
Result: NOTE
Note: found 4 marked UTF-8 strings
Flavors: r-devel-linux-x86_64-fedora-clang, r-devel-linux-x86_64-fedora-gcc