CRAN Package Check Results for Package PSDistr

Last updated on 2024-04-21 21:51:29 CEST.

Flavor Version Tinstall Tcheck Ttotal Status Flags
r-devel-linux-x86_64-debian-clang 0.0.1 2.78 34.70 37.48 NOTE
r-devel-linux-x86_64-debian-gcc 0.0.1 2.32 26.08 28.40 NOTE
r-devel-linux-x86_64-fedora-clang 0.0.1 48.03 NOTE
r-devel-linux-x86_64-fedora-gcc 0.0.1 57.49 NOTE
r-prerel-macos-arm64 0.0.1 26.00 NOTE
r-prerel-windows-x86_64 0.0.1 4.00 51.00 55.00 NOTE
r-patched-linux-x86_64 0.0.1 3.41 32.09 35.50 NOTE
r-release-linux-x86_64 0.0.1 3.07 32.13 35.20 OK
r-release-macos-arm64 0.0.1 36.00 OK
r-release-macos-x86_64 0.0.1 71.00 OK
r-release-windows-x86_64 0.0.1 4.00 52.00 56.00 OK
r-oldrel-macos-arm64 0.0.1 24.00 OK
r-oldrel-windows-x86_64 0.0.1 4.00 54.00 58.00 OK

Check Details

Version: 0.0.1
Check: Rd files
Result: NOTE checkRd: (-1) qpc.Rd:43: Lost braces 43 | S{Sulewski, P. (2020). \emph{Normal Distribution with Plasticizing Component,} Communications in Statistics ? Theory and Method 51(11), 3806-3835.} | ^ Flavors: r-devel-linux-x86_64-debian-clang, r-devel-linux-x86_64-debian-gcc, r-devel-linux-x86_64-fedora-clang, r-devel-linux-x86_64-fedora-gcc, r-prerel-macos-arm64, r-prerel-windows-x86_64, r-patched-linux-x86_64