CRAN Package Check Results for Package PSLM2015

Last updated on 2021-03-02 16:49:28 CET.

Flavor Version Tinstall Tcheck Ttotal Status Flags
r-devel-linux-x86_64-debian-clang 0.2.0 OK
r-devel-linux-x86_64-debian-gcc 0.2.0 6.08 35.69 41.77 OK
r-devel-linux-x86_64-fedora-clang 0.2.0 76.27 NOTE
r-devel-linux-x86_64-fedora-gcc 0.2.0 64.15 NOTE
r-devel-windows-ix86+x86_64 0.2.0 17.00 64.00 81.00 OK
r-patched-linux-x86_64 0.2.0 8.80 44.21 53.01 OK
r-patched-solaris-x86 0.2.0 91.30 NOTE
r-release-linux-x86_64 0.2.0 7.57 44.31 51.88 OK
r-release-macos-x86_64 0.2.0 NOTE
r-release-windows-ix86+x86_64 0.2.0 20.00 66.00 86.00 OK
r-oldrel-macos-x86_64 0.2.0 NOTE
r-oldrel-windows-ix86+x86_64 0.2.0 12.00 63.00 75.00 OK

Check Details

Version: 0.2.0
Check: data for non-ASCII characters
Result: NOTE
     Note: found 26 marked Latin-1 strings
Flavors: r-devel-linux-x86_64-fedora-clang, r-devel-linux-x86_64-fedora-gcc, r-patched-solaris-x86, r-release-macos-x86_64, r-oldrel-macos-x86_64