CRAN Package Check Results for Package PSPManalysis

Last updated on 2021-06-21 15:50:06 CEST.

Flavor Version Tinstall Tcheck Ttotal Status Flags
r-devel-linux-x86_64-debian-clang 0.3.4 5.24 159.86 165.10 NOTE
r-devel-linux-x86_64-debian-gcc 0.3.4 3.44 117.29 120.73 NOTE
r-devel-linux-x86_64-fedora-clang 0.3.4 206.51 NOTE
r-devel-linux-x86_64-fedora-gcc 0.3.4 197.24 NOTE
r-devel-windows-x86_64 0.3.4 8.00 175.00 183.00 NOTE
r-devel-windows-x86_64-gcc10-UCRT 0.3.4 ERROR
r-patched-linux-x86_64 0.3.4 4.77 152.39 157.16 NOTE
r-patched-solaris-x86 0.3.4 246.00 NOTE
r-release-linux-x86_64 0.3.4 3.93 154.16 158.09 NOTE
r-release-macos-arm64 0.3.4 NOTE
r-release-macos-x86_64 0.3.4 NOTE
r-release-windows-ix86+x86_64 0.3.4 18.00 323.00 341.00 NOTE
r-oldrel-macos-x86_64 0.3.4 OK

Check Details

Version: 0.3.4
Check: LazyData
Result: NOTE
     'LazyData' is specified without a 'data' directory
Flavors: r-devel-linux-x86_64-debian-clang, r-devel-linux-x86_64-debian-gcc, r-devel-linux-x86_64-fedora-clang, r-devel-linux-x86_64-fedora-gcc, r-devel-windows-x86_64, r-devel-windows-x86_64-gcc10-UCRT, r-patched-linux-x86_64, r-patched-solaris-x86, r-release-linux-x86_64, r-release-macos-arm64, r-release-macos-x86_64, r-release-windows-ix86+x86_64

Version: 0.3.4
Check: tests
Result: ERROR
     Running 'testthat.R'
    Running the tests in 'tests/testthat.R' failed.
    Last 13 lines of output:
    
     Backtrace:
     x
     1. \-PSPManalysis::PSPMequi(...)
     -- Error (test.04-PNAS2002_5bsind.R:3:1): (code run outside of `test_that()`) --
     Error:
     Executable PNAS2002_5bsind.dll not found! Computation aborted.
    
     Backtrace:
     x
     1. \-PSPManalysis::PSPMind(...) test.04-PNAS2002_5bsind.R:3:0
    
     [ FAIL 4 | WARN 0 | SKIP 0 | PASS 0 ]
     Error: Test failures
     Execution halted
Flavor: r-devel-windows-x86_64-gcc10-UCRT