CRAN Package Check Results for Package PTE

Last updated on 2021-12-04 04:52:35 CET.

Flavor Version Tinstall Tcheck Ttotal Status Flags
r-devel-linux-x86_64-debian-clang 1.7 7.46 62.21 69.67 OK
r-devel-linux-x86_64-debian-gcc 1.7 5.94 48.93 54.87 OK
r-devel-linux-x86_64-fedora-clang 1.7 95.03 NOTE
r-devel-linux-x86_64-fedora-gcc 1.7 86.75 NOTE
r-devel-windows-x86_64-new-UL 1.7 14.00 96.00 110.00 OK
r-devel-windows-x86_64-new-TK 1.7 NOTE
r-devel-windows-x86_64-old 1.7 12.00 65.00 77.00 OK
r-patched-linux-x86_64 1.7 7.23 60.86 68.09 OK
r-release-linux-x86_64 1.7 7.15 61.03 68.18 OK
r-release-macos-arm64 1.7 NOTE
r-release-macos-x86_64 1.7 NOTE
r-release-windows-ix86+x86_64 1.7 17.00 84.00 101.00 OK
r-oldrel-macos-x86_64 1.7 NOTE
r-oldrel-windows-ix86+x86_64 1.7 18.00 82.00 100.00 OK

Check Details

Version: 1.7
Check: dependencies in R code
Result: NOTE
    Namespace in Imports field not imported from: ‘grDevices’
     All declared Imports should be used.
Flavors: r-devel-linux-x86_64-fedora-clang, r-devel-linux-x86_64-fedora-gcc, r-devel-windows-x86_64-new-TK, r-release-macos-arm64, r-release-macos-x86_64, r-oldrel-macos-x86_64