CRAN Package Check Results for Package PWD

Last updated on 2021-10-17 10:49:24 CEST.

Flavor Version Tinstall Tcheck Ttotal Status Flags
r-devel-linux-x86_64-debian-clang 1.0 30.22 27.26 57.48 OK
r-devel-linux-x86_64-debian-gcc 1.0 21.33 21.75 43.08 OK
r-devel-linux-x86_64-fedora-clang 1.0 94.08 NOTE
r-devel-linux-x86_64-fedora-gcc 1.0 79.45 NOTE
r-devel-windows-x86_64 1.0 41.00 54.00 95.00 OK
r-devel-windows-x86_64-gcc10-UCRT 1.0 OK
r-patched-linux-x86_64 1.0 26.56 27.46 54.02 OK
r-patched-solaris-x86 1.0 89.70 OK
r-release-linux-x86_64 1.0 27.11 27.10 54.21 OK
r-release-macos-arm64 1.0 OK
r-release-macos-x86_64 1.0 OK
r-release-windows-ix86+x86_64 1.0 62.00 70.00 132.00 OK
r-oldrel-macos-x86_64 1.0 OK
r-oldrel-windows-ix86+x86_64 1.0 81.00 67.00 148.00 OK

Check Details

Version: 1.0
Check: compiled code
Result: NOTE
    File ‘PWD/libs/PWD.so’:
     Found no calls to: ‘R_registerRoutines’, ‘R_useDynamicSymbols’
    
    It is good practice to register native routines and to disable symbol
    search.
    
    See ‘Writing portable packages’ in the ‘Writing R Extensions’ manual.
Flavors: r-devel-linux-x86_64-fedora-clang, r-devel-linux-x86_64-fedora-gcc