CRAN Package Check Results for Package PWEALL

Last updated on 2021-12-07 14:53:10 CET.

Flavor Version Tinstall Tcheck Ttotal Status Flags
r-devel-linux-x86_64-debian-clang 1.3.0 20.99 92.46 113.45 NOTE
r-devel-linux-x86_64-debian-gcc 1.3.0 20.15 73.03 93.18 NOTE
r-devel-linux-x86_64-fedora-clang 1.3.0 145.43 NOTE
r-devel-linux-x86_64-fedora-gcc 1.3.0 133.38 NOTE
r-devel-windows-x86_64-new-UL 1.3.0 37.00 134.00 171.00 NOTE
r-devel-windows-x86_64-new-TK 1.3.0 NOTE
r-devel-windows-x86_64-old 1.3.0 31.00 120.00 151.00 NOTE
r-patched-linux-x86_64 1.3.0 23.41 90.94 114.35 NOTE
r-release-linux-x86_64 1.3.0 21.17 91.39 112.56 NOTE
r-release-macos-arm64 1.3.0 NOTE
r-release-macos-x86_64 1.3.0 NOTE
r-release-windows-ix86+x86_64 1.3.0 35.00 146.00 181.00 NOTE
r-oldrel-macos-x86_64 1.3.0 OK
r-oldrel-windows-ix86+x86_64 1.3.0 52.00 146.00 198.00 OK

Check Details

Version: 1.3.0
Check: LazyData
Result: NOTE
     'LazyData' is specified without a 'data' directory
Flavors: r-devel-linux-x86_64-debian-clang, r-devel-linux-x86_64-debian-gcc, r-devel-linux-x86_64-fedora-clang, r-devel-linux-x86_64-fedora-gcc, r-devel-windows-x86_64-new-UL, r-devel-windows-x86_64-new-TK, r-devel-windows-x86_64-old, r-patched-linux-x86_64, r-release-linux-x86_64, r-release-macos-arm64, r-release-macos-x86_64, r-release-windows-ix86+x86_64

Version: 1.3.0
Check: compiled code
Result: NOTE
    File ‘PWEALL/libs/PWEALL.so’:
     Found no calls to: ‘R_registerRoutines’, ‘R_useDynamicSymbols’
    
    It is good practice to register native routines and to disable symbol
    search.
    
    See ‘Writing portable packages’ in the ‘Writing R Extensions’ manual.
Flavors: r-devel-linux-x86_64-fedora-clang, r-devel-linux-x86_64-fedora-gcc