Last updated on 2023-02-04 21:55:41 CET.
Flavor | Version | Tinstall | Tcheck | Ttotal | Status | Flags |
---|---|---|---|---|---|---|
r-devel-linux-x86_64-debian-clang | 1.2.117 | 18.58 | 205.93 | 224.51 | OK | |
r-devel-linux-x86_64-debian-gcc | 1.2.117 | 18.79 | 150.23 | 169.02 | OK | |
r-devel-linux-x86_64-fedora-clang | 1.2.117 | 272.21 | NOTE | |||
r-devel-linux-x86_64-fedora-gcc | 1.2.117 | 274.54 | OK | |||
r-devel-windows-x86_64 | 1.2.117 | 169.00 | 342.00 | 511.00 | OK | |
r-patched-linux-x86_64 | 1.2.117 | 22.78 | 183.51 | 206.29 | OK | |
r-release-linux-x86_64 | 1.2.117 | 15.12 | 166.68 | 181.80 | OK | |
r-release-macos-arm64 | 1.2.117 | 77.00 | OK | |||
r-release-macos-x86_64 | 1.2.117 | 132.00 | OK | |||
r-release-windows-x86_64 | 1.2.117 | 165.00 | 303.00 | 468.00 | OK | |
r-oldrel-macos-arm64 | 1.2.117 | 129.00 | OK | |||
r-oldrel-macos-x86_64 | 1.2.117 | 120.00 | OK | |||
r-oldrel-windows-ix86+x86_64 | 1.2.117 | 39.00 | 293.00 | 332.00 | OK |
Version: 1.2.117
Check: package dependencies
Result: NOTE
Imports includes 30 non-default packages.
Importing from so many packages makes the package vulnerable to any of
them becoming unavailable. Move as many as possible to Suggests and
use conditionally.
Flavor: r-devel-linux-x86_64-fedora-clang