CRAN Package Check Results for Package PakPC2017

Last updated on 2020-10-20 19:48:13 CEST.

Flavor Version Tinstall Tcheck Ttotal Status Flags
r-devel-linux-x86_64-debian-clang 1.0.0 5.98 42.13 48.11 OK
r-devel-linux-x86_64-debian-gcc 1.0.0 5.51 33.12 38.63 OK
r-devel-linux-x86_64-fedora-clang 1.0.0 69.37 NOTE
r-devel-linux-x86_64-fedora-gcc 1.0.0 58.72 NOTE
r-devel-windows-ix86+x86_64 1.0.0 12.00 47.00 59.00 OK
r-patched-linux-x86_64 1.0.0 7.06 39.96 47.02 OK
r-patched-solaris-x86 1.0.0 87.70 NOTE
r-release-linux-x86_64 1.0.0 6.26 40.91 47.17 OK
r-release-macos-x86_64 1.0.0 NOTE
r-release-windows-ix86+x86_64 1.0.0 11.00 58.00 69.00 OK
r-oldrel-macos-x86_64 1.0.0 NOTE
r-oldrel-windows-ix86+x86_64 1.0.0 8.00 42.00 50.00 OK

Check Details

Version: 1.0.0
Check: dependencies in R code
Result: NOTE
    Namespace in Imports field not imported from: ‘stats’
     All declared Imports should be used.
Flavors: r-devel-linux-x86_64-fedora-clang, r-devel-linux-x86_64-fedora-gcc, r-patched-solaris-x86, r-release-macos-x86_64, r-oldrel-macos-x86_64