Last updated on 2023-12-11 02:48:28 CET.
Flavor | Version | Tinstall | Tcheck | Ttotal | Status | Flags |
---|---|---|---|---|---|---|
r-devel-linux-x86_64-debian-clang | 1.0.0 | 6.55 | 48.79 | 55.34 | OK | |
r-devel-linux-x86_64-debian-gcc | 1.0.0 | 6.39 | 37.08 | 43.47 | OK | |
r-devel-linux-x86_64-fedora-clang | 1.0.0 | 70.75 | NOTE | |||
r-devel-linux-x86_64-fedora-gcc | 1.0.0 | 78.90 | NOTE | |||
r-devel-windows-x86_64 | 1.0.0 | 8.00 | 59.00 | 67.00 | OK | |
r-patched-linux-x86_64 | 1.0.0 | 7.30 | 47.90 | 55.20 | OK | |
r-release-linux-x86_64 | 1.0.0 | 6.46 | 48.47 | 54.93 | OK | |
r-release-macos-arm64 | 1.0.0 | 33.00 | OK | |||
r-release-macos-x86_64 | 1.0.0 | 48.00 | OK | |||
r-release-windows-x86_64 | 1.0.0 | 10.00 | 65.00 | 75.00 | OK | |
r-oldrel-macos-arm64 | 1.0.0 | 29.00 | NOTE | |||
r-oldrel-macos-x86_64 | 1.0.0 | 48.00 | NOTE | |||
r-oldrel-windows-x86_64 | 1.0.0 | 9.00 | 68.00 | 77.00 | OK |
Version: 1.0.0
Check: dependencies in R code
Result: NOTE
Namespace in Imports field not imported from: ‘stats’
All declared Imports should be used.
Flavors: r-devel-linux-x86_64-fedora-clang, r-devel-linux-x86_64-fedora-gcc, r-oldrel-macos-arm64, r-oldrel-macos-x86_64