CRAN Package Check Results for Package PakPMICS2014Ch

Last updated on 2018-07-16 06:47:05 CEST.

Flavor Version Tinstall Tcheck Ttotal Status Flags
r-devel-linux-x86_64-debian-clang 0.1.0 3.29 24.16 27.45 OK
r-devel-linux-x86_64-debian-gcc 0.1.0 2.82 21.31 24.13 OK
r-devel-linux-x86_64-fedora-clang 0.1.0 35.55 NOTE
r-devel-linux-x86_64-fedora-gcc 0.1.0 34.15 NOTE
r-devel-windows-ix86+x86_64 0.1.0 7.00 42.00 49.00 OK
r-patched-linux-x86_64 0.1.0 3.61 24.39 28.00 OK
r-patched-solaris-x86 0.1.0 55.00 NOTE
r-release-linux-x86_64 0.1.0 2.78 24.25 27.03 OK
r-release-windows-ix86+x86_64 0.1.0 7.00 38.00 45.00 OK
r-release-osx-x86_64 0.1.0 NOTE
r-oldrel-windows-ix86+x86_64 0.1.0 6.00 46.00 52.00 OK
r-oldrel-osx-x86_64 0.1.0 NOTE

Check Details

Version: 0.1.0
Check: dependencies in R code
Result: NOTE
    Namespace in Imports field not imported from: ‘stats’
     All declared Imports should be used.
Flavors: r-devel-linux-x86_64-fedora-clang, r-devel-linux-x86_64-fedora-gcc, r-patched-solaris-x86, r-release-osx-x86_64, r-oldrel-osx-x86_64