CRAN Package Check Results for Package PakPMICS2014Ch

Last updated on 2017-12-15 12:48:01 CET.

Flavor Version Tinstall Tcheck Ttotal Status Flags
r-devel-linux-x86_64-debian-clang 0.1.0 3.21 22.70 25.91 OK
r-devel-linux-x86_64-debian-gcc 0.1.0 2.92 19.45 22.37 OK
r-devel-linux-x86_64-fedora-clang 0.1.0 33.05 NOTE
r-devel-linux-x86_64-fedora-gcc 0.1.0 31.95 NOTE
r-devel-windows-ix86+x86_64 0.1.0 8.00 33.00 41.00 OK
r-patched-linux-x86_64 0.1.0 3.37 22.66 26.03 OK
r-patched-solaris-x86 0.1.0 49.70 NOTE
r-release-linux-x86_64 0.1.0 3.43 22.55 25.98 OK
r-release-windows-ix86+x86_64 0.1.0 6.00 37.00 43.00 OK
r-release-osx-x86_64 0.1.0 NOTE
r-oldrel-windows-ix86+x86_64 0.1.0 8.00 44.00 52.00 OK
r-oldrel-osx-x86_64 0.1.0 NOTE

Check Details

Version: 0.1.0
Check: dependencies in R code
Result: NOTE
    Namespace in Imports field not imported from: ‘stats’
     All declared Imports should be used.
Flavors: r-devel-linux-x86_64-fedora-clang, r-devel-linux-x86_64-fedora-gcc, r-patched-solaris-x86, r-release-osx-x86_64, r-oldrel-osx-x86_64