CRAN Package Check Results for Package PakPMICS2014Ch

Last updated on 2024-05-29 01:49:21 CEST.

Flavor Version Tinstall Tcheck Ttotal Status Flags
r-devel-linux-x86_64-debian-clang 0.1.0 3.98 33.08 37.06 NOTE
r-devel-linux-x86_64-debian-gcc 0.1.0 3.32 24.66 27.98 NOTE
r-devel-linux-x86_64-fedora-clang 0.1.0 47.05 NOTE
r-devel-windows-x86_64 0.1.0 4.00 58.00 62.00 NOTE
r-patched-linux-x86_64 0.1.0 4.15 31.34 35.49 NOTE
r-release-linux-x86_64 0.1.0 3.77 31.48 35.25 NOTE
r-release-macos-arm64 0.1.0 19.00 NOTE
r-release-windows-x86_64 0.1.0 4.00 54.00 58.00 NOTE
r-oldrel-macos-arm64 0.1.0 22.00 OK
r-oldrel-macos-x86_64 0.1.0 27.00 OK
r-oldrel-windows-x86_64 0.1.0 5.00 54.00 59.00 OK

Check Details

Version: 0.1.0
Check: Rd files
Result: NOTE checkRd: (-1) MICS2014Ch.Rd:296: Lost braces in \enumerate; meant \describe ? checkRd: (-1) MICS2014Ch.Rd:297: Lost braces in \enumerate; meant \describe ? Flavors: r-devel-linux-x86_64-debian-clang, r-devel-linux-x86_64-debian-gcc, r-devel-linux-x86_64-fedora-clang, r-devel-windows-x86_64, r-patched-linux-x86_64, r-release-linux-x86_64, r-release-macos-arm64, r-release-windows-x86_64

Version: 0.1.0
Check: dependencies in R code
Result: NOTE Namespace in Imports field not imported from: ‘stats’ All declared Imports should be used. Flavor: r-devel-linux-x86_64-fedora-clang