CRAN Package Check Results for Package PakPMICS2014Ch

Last updated on 2018-10-19 13:51:10 CEST.

Flavor Version Tinstall Tcheck Ttotal Status Flags
r-devel-linux-x86_64-debian-clang 0.1.0 3.01 27.29 30.30 OK
r-devel-linux-x86_64-debian-gcc 0.1.0 3.07 22.15 25.22 OK
r-devel-linux-x86_64-fedora-clang 0.1.0 37.82 NOTE
r-devel-linux-x86_64-fedora-gcc 0.1.0 35.74 NOTE
r-devel-windows-ix86+x86_64 0.1.0 7.00 38.00 45.00 OK
r-patched-linux-x86_64 0.1.0 2.93 24.16 27.09 OK
r-patched-solaris-x86 0.1.0 54.40 NOTE
r-release-linux-x86_64 0.1.0 3.44 24.31 27.75 OK
r-release-windows-ix86+x86_64 0.1.0 5.00 53.00 58.00 OK
r-release-osx-x86_64 0.1.0 NOTE
r-oldrel-windows-ix86+x86_64 0.1.0 5.00 51.00 56.00 OK
r-oldrel-osx-x86_64 0.1.0 NOTE

Check Details

Version: 0.1.0
Check: dependencies in R code
Result: NOTE
    Namespace in Imports field not imported from: ‘stats’
     All declared Imports should be used.
Flavors: r-devel-linux-x86_64-fedora-clang, r-devel-linux-x86_64-fedora-gcc, r-patched-solaris-x86, r-release-osx-x86_64, r-oldrel-osx-x86_64