Last updated on 2025-01-19 19:48:27 CET.
Flavor | Version | Tinstall | Tcheck | Ttotal | Status | Flags |
---|---|---|---|---|---|---|
r-devel-linux-x86_64-debian-clang | 0.1.0 | 3.10 | 22.15 | 25.25 | NOTE | |
r-devel-linux-x86_64-debian-gcc | 0.1.0 | 2.55 | 18.41 | 20.96 | NOTE | |
r-devel-linux-x86_64-fedora-clang | 0.1.0 | 41.50 | NOTE | |||
r-devel-linux-x86_64-fedora-gcc | 0.1.0 | 39.21 | NOTE | |||
r-devel-windows-x86_64 | 0.1.0 | 6.00 | 45.00 | 51.00 | NOTE | |
r-patched-linux-x86_64 | 0.1.0 | 3.31 | 21.00 | 24.31 | NOTE | |
r-release-linux-x86_64 | 0.1.0 | 2.78 | 21.18 | 23.96 | NOTE | |
r-release-macos-arm64 | 0.1.0 | 18.00 | NOTE | |||
r-release-macos-x86_64 | 0.1.0 | 23.00 | NOTE | |||
r-release-windows-x86_64 | 0.1.0 | 3.00 | 44.00 | 47.00 | NOTE | |
r-oldrel-macos-arm64 | 0.1.0 | 18.00 | OK | |||
r-oldrel-macos-x86_64 | 0.1.0 | 26.00 | OK | |||
r-oldrel-windows-x86_64 | 0.1.0 | 5.00 | 45.00 | 50.00 | OK |
Version: 0.1.0
Check: Rd files
Result: NOTE
checkRd: (-1) MICS2014HH.Rd:214: Lost braces in \enumerate; meant \describe ?
checkRd: (-1) MICS2014HH.Rd:215: Lost braces in \enumerate; meant \describe ?
Flavors: r-devel-linux-x86_64-debian-clang, r-devel-linux-x86_64-debian-gcc, r-devel-linux-x86_64-fedora-clang, r-devel-linux-x86_64-fedora-gcc, r-devel-windows-x86_64, r-patched-linux-x86_64, r-release-linux-x86_64, r-release-macos-arm64, r-release-macos-x86_64, r-release-windows-x86_64
Version: 0.1.0
Check: dependencies in R code
Result: NOTE
Namespace in Imports field not imported from: ‘stats’
All declared Imports should be used.
Flavors: r-devel-linux-x86_64-fedora-clang, r-devel-linux-x86_64-fedora-gcc