CRAN Package Check Results for Package PakPMICS2014HL

Last updated on 2024-07-12 13:49:38 CEST.

Flavor Version Tinstall Tcheck Ttotal Status Flags
r-devel-linux-x86_64-debian-clang 0.1.1 34.66 33.51 68.17 NOTE
r-devel-linux-x86_64-debian-gcc 0.1.1 27.72 26.04 53.76 NOTE
r-devel-linux-x86_64-fedora-clang 0.1.1 88.84 NOTE
r-devel-linux-x86_64-fedora-gcc 0.1.1 91.75 NOTE
r-devel-windows-x86_64 0.1.1 28.00 54.00 82.00 NOTE
r-patched-linux-x86_64 0.1.1 33.50 32.10 65.60 NOTE
r-release-linux-x86_64 0.1.1 30.39 32.95 63.34 NOTE
r-release-macos-arm64 0.1.1 38.00 NOTE
r-release-macos-x86_64 0.1.1 45.00 NOTE
r-release-windows-x86_64 0.1.1 27.00 54.00 81.00 NOTE
r-oldrel-macos-arm64 0.1.1 41.00 OK
r-oldrel-macos-x86_64 0.1.1 56.00 OK
r-oldrel-windows-x86_64 0.1.1 29.00 53.00 82.00 OK

Check Details

Version: 0.1.1
Check: Rd files
Result: NOTE checkRd: (-1) MICS2014HL.Rd:109: Lost braces in \enumerate; meant \describe ? checkRd: (-1) MICS2014HL.Rd:110: Lost braces in \enumerate; meant \describe ? Flavors: r-devel-linux-x86_64-debian-clang, r-devel-linux-x86_64-debian-gcc, r-devel-linux-x86_64-fedora-clang, r-devel-linux-x86_64-fedora-gcc, r-devel-windows-x86_64, r-patched-linux-x86_64, r-release-linux-x86_64, r-release-macos-arm64, r-release-macos-x86_64, r-release-windows-x86_64

Version: 0.1.1
Check: dependencies in R code
Result: NOTE Namespace in Imports field not imported from: ‘stats’ All declared Imports should be used. Flavors: r-devel-linux-x86_64-fedora-clang, r-devel-linux-x86_64-fedora-gcc