CRAN Package Check Results for Package PakPMICS2018

Last updated on 2021-05-18 03:48:54 CEST.

Flavor Version Tinstall Tcheck Ttotal Status Flags
r-devel-linux-x86_64-debian-clang 1.0.0 3.39 52.11 55.50 NOTE
r-devel-linux-x86_64-debian-gcc 1.0.0 2.80 39.86 42.66 NOTE
r-devel-linux-x86_64-fedora-clang 1.0.0 77.42 NOTE
r-devel-linux-x86_64-fedora-gcc 1.0.0 65.30 NOTE
r-devel-windows-ix86+x86_64 1.0.0 9.00 51.00 60.00 NOTE
r-devel-windows-x86_64-gcc10-UCRT 1.0.0 NOTE
r-patched-linux-x86_64 1.0.0 4.60 50.43 55.03 NOTE
r-patched-solaris-x86 1.0.0 80.30 NOTE
r-release-linux-x86_64 1.0.0 3.66 51.16 54.82 OK
r-release-macos-x86_64 1.0.0 OK
r-release-windows-ix86+x86_64 1.0.0 7.00 49.00 56.00 OK
r-oldrel-macos-x86_64 1.0.0 OK
r-oldrel-windows-ix86+x86_64 1.0.0 5.00 58.00 63.00 OK

Check Details

Version: 1.0.0
Check: LazyData
Result: NOTE
     'LazyData' is specified without a 'data' directory
Flavors: r-devel-linux-x86_64-debian-clang, r-devel-linux-x86_64-debian-gcc, r-devel-linux-x86_64-fedora-clang, r-devel-linux-x86_64-fedora-gcc, r-devel-windows-ix86+x86_64, r-devel-windows-x86_64-gcc10-UCRT, r-patched-linux-x86_64, r-patched-solaris-x86