CRAN Package Check Results for Package PandemicLP

Last updated on 2021-04-11 19:52:13 CEST.

Flavor Version Tinstall Tcheck Ttotal Status Flags
r-devel-linux-x86_64-debian-clang 0.2.1 352.06 148.54 500.60 NOTE
r-devel-linux-x86_64-debian-gcc 0.2.1 297.80 124.15 421.95 NOTE
r-devel-linux-x86_64-fedora-clang 0.2.1 671.50 NOTE
r-devel-linux-x86_64-fedora-gcc 0.2.1 750.29 NOTE
r-devel-windows-ix86+x86_64 0.2.1 762.00 290.00 1052.00 NOTE
r-devel-windows-x86_64-gcc10-UCRT 0.2.1 NOTE
r-patched-linux-x86_64 0.2.1 324.79 154.66 479.45 NOTE
r-patched-solaris-x86 0.2.1 666.70 WARN
r-release-linux-x86_64 0.2.1 315.99 153.61 469.60 NOTE
r-release-macos-x86_64 0.2.1 WARN
r-release-windows-ix86+x86_64 0.2.1 740.00 298.00 1038.00 NOTE
r-oldrel-macos-x86_64 0.2.1 WARN
r-oldrel-windows-ix86+x86_64 0.2.1 542.00 202.00 744.00 NOTE

Check Details

Version: 0.2.1
Check: for GNU extensions in Makefiles
Result: NOTE
    GNU make is a SystemRequirements.
Flavors: r-devel-linux-x86_64-debian-clang, r-devel-linux-x86_64-debian-gcc, r-devel-linux-x86_64-fedora-clang, r-devel-linux-x86_64-fedora-gcc, r-devel-windows-ix86+x86_64, r-devel-windows-x86_64-gcc10-UCRT, r-patched-linux-x86_64, r-patched-solaris-x86, r-release-linux-x86_64, r-release-macos-x86_64, r-release-windows-ix86+x86_64, r-oldrel-macos-x86_64, r-oldrel-windows-ix86+x86_64

Version: 0.2.1
Check: installed package size
Result: NOTE
     installed size is 67.8Mb
     sub-directories of 1Mb or more:
     doc 9.3Mb
     libs 58.1Mb
Flavors: r-devel-linux-x86_64-fedora-clang, r-devel-windows-ix86+x86_64, r-patched-solaris-x86, r-release-macos-x86_64, r-release-windows-ix86+x86_64, r-oldrel-macos-x86_64, r-oldrel-windows-ix86+x86_64

Version: 0.2.1
Check: re-building of vignette outputs
Result: WARN
    Error(s) in re-building vignettes:
     ...
    --- re-building ‘PandemicLP.Rmd’ using rmarkdown
    Warning in engine$weave(file, quiet = quiet, encoding = enc) :
     Pandoc (>= 1.12.3) and/or pandoc-citeproc not available. Falling back to R Markdown v1.
    Quitting from lines 28-30 (PandemicLP.Rmd)
    Error: processing vignette 'PandemicLP.Rmd' failed with diagnostics:
    invalid 'path' argument
    --- failed re-building ‘PandemicLP.Rmd’
    
    --- re-building ‘PandemicLP_SumRegions.Rmd’ using rmarkdown
    Warning in engine$weave(file, quiet = quiet, encoding = enc) :
     Pandoc (>= 1.12.3) and/or pandoc-citeproc not available. Falling back to R Markdown v1.
    trying URL 'http://github.com/CovidLP/PandemicLP/raw/master/temp/PandemicLP_SumRegions.rda'
    Content type 'application/octet-stream' length 13851069 bytes (13.2 MB)
    ==================================================
    downloaded 13.2 MB
    
    trying URL 'http://github.com/CovidLP/PandemicLP/raw/master/temp/PandemicLP_SumRegions.rda'
    Content type 'application/octet-stream' length 13851069 bytes (13.2 MB)
    ==================================================
    downloaded 13.2 MB
    
    Quitting from lines 172-175 (PandemicLP_SumRegions.Rmd)
    Error: processing vignette 'PandemicLP_SumRegions.Rmd' failed with diagnostics:
    invalid 'path' argument
    --- failed re-building ‘PandemicLP_SumRegions.Rmd’
    
    SUMMARY: processing the following files failed:
     ‘PandemicLP.Rmd’ ‘PandemicLP_SumRegions.Rmd’
    
    Error: Vignette re-building failed.
    Execution halted
Flavor: r-patched-solaris-x86

Version: 0.2.1
Check: re-building of vignette outputs
Result: WARN
    Error(s) in re-building vignettes:
    --- re-building ‘PandemicLP.Rmd’ using rmarkdown
    Warning in engine$weave(file, quiet = quiet, encoding = enc) :
     Pandoc (>= 1.12.3) and/or pandoc-citeproc not available. Falling back to R Markdown v1.
    Quitting from lines 28-30 (PandemicLP.Rmd)
    Error: processing vignette 'PandemicLP.Rmd' failed with diagnostics:
    invalid 'path' argument
    --- failed re-building ‘PandemicLP.Rmd’
    
    --- re-building ‘PandemicLP_SumRegions.Rmd’ using rmarkdown
    Warning in engine$weave(file, quiet = quiet, encoding = enc) :
     Pandoc (>= 1.12.3) and/or pandoc-citeproc not available. Falling back to R Markdown v1.
    trying URL 'http://github.com/CovidLP/PandemicLP/raw/master/temp/PandemicLP_SumRegions.rda'
    Content type 'application/octet-stream' length 13851069 bytes (13.2 MB)
    ==================================================
    downloaded 13.2 MB
    
    trying URL 'http://github.com/CovidLP/PandemicLP/raw/master/temp/PandemicLP_SumRegions.rda'
    Content type 'application/octet-stream' length 13851069 bytes (13.2 MB)
    ==================================================
    downloaded 13.2 MB
    
    Quitting from lines 172-175 (PandemicLP_SumRegions.Rmd)
    Error: processing vignette 'PandemicLP_SumRegions.Rmd' failed with diagnostics:
    invalid 'path' argument
    --- failed re-building ‘PandemicLP_SumRegions.Rmd’
    
    SUMMARY: processing the following files failed:
     ‘PandemicLP.Rmd’ ‘PandemicLP_SumRegions.Rmd’
    
    Error: Vignette re-building failed.
    Execution halted
Flavors: r-release-macos-x86_64, r-oldrel-macos-x86_64