CRAN Package Check Results for Package PanelCount

Last updated on 2020-05-27 15:47:20 CEST.

Flavor Version Tinstall Tcheck Ttotal Status Flags
r-devel-linux-x86_64-debian-clang 1.0.9 34.48 32.19 66.67 OK
r-devel-linux-x86_64-debian-gcc 1.0.9 25.98 25.04 51.02 OK
r-devel-linux-x86_64-fedora-clang 1.0.9 87.47 NOTE
r-devel-linux-x86_64-fedora-gcc 1.0.9 79.59 NOTE
r-devel-windows-ix86+x86_64 1.0.9 79.00 85.00 164.00 OK
r-patched-linux-x86_64 1.0.9 25.51 32.76 58.27 OK
r-patched-solaris-x86 1.0.9 87.80 OK
r-release-linux-x86_64 1.0.9 25.79 32.46 58.25 OK
r-release-osx-x86_64 1.0.9 OK
r-release-windows-ix86+x86_64 1.0.9 65.00 91.00 156.00 OK
r-oldrel-osx-x86_64 1.0.9 OK
r-oldrel-windows-ix86+x86_64 1.0.9 74.00 58.00 132.00 OK

Check Details

Version: 1.0.9
Check: compiled code
Result: NOTE
    File ‘PanelCount/libs/PanelCount.so’:
     Found no calls to: ‘R_registerRoutines’, ‘R_useDynamicSymbols’
    
    It is good practice to register native routines and to disable symbol
    search.
    
    See ‘Writing portable packages’ in the ‘Writing R Extensions’ manual.
Flavors: r-devel-linux-x86_64-fedora-clang, r-devel-linux-x86_64-fedora-gcc