CRAN Package Check Results for Package Paneldata

Last updated on 2022-01-21 10:54:05 CET.

Flavor Version Tinstall Tcheck Ttotal Status Flags
r-devel-linux-x86_64-debian-clang 1.0 1.61 28.29 29.90 NOTE
r-devel-linux-x86_64-debian-gcc 1.0 1.58 22.37 23.95 NOTE
r-devel-linux-x86_64-fedora-clang 1.0 37.99 NOTE
r-devel-linux-x86_64-fedora-gcc 1.0 27.19 NOTE
r-devel-windows-x86_64-new-UL 1.0 15.00 42.00 57.00 NOTE
r-devel-windows-x86_64-new-TK 1.0 NOTE
r-patched-linux-x86_64 1.0 1.69 27.47 29.16 NOTE
r-release-linux-x86_64 1.0 1.94 27.86 29.80 NOTE
r-release-macos-arm64 1.0 NOTE
r-release-macos-x86_64 1.0 NOTE
r-release-windows-ix86+x86_64 1.0 4.00 34.00 38.00 NOTE
r-oldrel-macos-x86_64 1.0 NOTE
r-oldrel-windows-ix86+x86_64 1.0 6.00 32.00 38.00 NOTE

Check Details

Version: 1.0
Check: DESCRIPTION meta-information
Result: NOTE
    Malformed Description field: should contain one or more complete sentences.
Flavors: r-devel-linux-x86_64-debian-clang, r-devel-linux-x86_64-debian-gcc, r-devel-linux-x86_64-fedora-clang, r-devel-linux-x86_64-fedora-gcc, r-devel-windows-x86_64-new-UL, r-devel-windows-x86_64-new-TK, r-patched-linux-x86_64, r-release-linux-x86_64, r-release-macos-arm64, r-release-macos-x86_64, r-release-windows-ix86+x86_64, r-oldrel-macos-x86_64, r-oldrel-windows-ix86+x86_64

Version: 1.0
Check: R code for possible problems
Result: NOTE
    Paneldata.formula: no visible global function definition for
     'model.frame'
    Paneldata.formula: no visible global function definition for
     'model.matrix'
    Paneldata.formula: no visible global function definition for
     'model.response'
    summary.Paneldata: no visible global function definition for 'coef'
    summary.Paneldata: no visible global function definition for 'pt'
    Undefined global functions or variables:
     coef model.frame model.matrix model.response pt
    Consider adding
     importFrom("stats", "coef", "model.frame", "model.matrix",
     "model.response", "pt")
    to your NAMESPACE file.
Flavors: r-devel-linux-x86_64-debian-clang, r-devel-linux-x86_64-debian-gcc, r-devel-linux-x86_64-fedora-clang, r-devel-linux-x86_64-fedora-gcc, r-devel-windows-x86_64-new-UL, r-devel-windows-x86_64-new-TK, r-patched-linux-x86_64, r-release-linux-x86_64, r-release-macos-arm64, r-release-macos-x86_64, r-release-windows-ix86+x86_64, r-oldrel-macos-x86_64, r-oldrel-windows-ix86+x86_64