CRAN Package Check Results for Package Paneldata

Last updated on 2020-09-30 18:47:59 CEST.

Flavor Version Tinstall Tcheck Ttotal Status Flags
r-devel-linux-x86_64-debian-clang 1.0 1.89 18.88 20.77 NOTE
r-devel-linux-x86_64-debian-gcc 1.0 1.56 15.11 16.67 NOTE
r-devel-linux-x86_64-fedora-clang 1.0 34.73 NOTE
r-devel-linux-x86_64-fedora-gcc 1.0 25.05 NOTE
r-devel-windows-ix86+x86_64 1.0 5.00 32.00 37.00 NOTE
r-patched-linux-x86_64 1.0 1.84 18.55 20.39 NOTE
r-patched-solaris-x86 1.0 39.90 NOTE
r-release-linux-x86_64 1.0 2.00 18.31 20.31 NOTE
r-release-macos-x86_64 1.0 NOTE
r-release-windows-ix86+x86_64 1.0 4.00 28.00 32.00 NOTE
r-oldrel-macos-x86_64 1.0 NOTE
r-oldrel-windows-ix86+x86_64 1.0 4.00 38.00 42.00 NOTE

Check Details

Version: 1.0
Check: DESCRIPTION meta-information
Result: NOTE
    Malformed Description field: should contain one or more complete sentences.
Flavors: r-devel-linux-x86_64-debian-clang, r-devel-linux-x86_64-debian-gcc, r-devel-linux-x86_64-fedora-clang, r-devel-linux-x86_64-fedora-gcc, r-devel-windows-ix86+x86_64, r-patched-linux-x86_64, r-patched-solaris-x86, r-release-linux-x86_64, r-release-macos-x86_64, r-release-windows-ix86+x86_64, r-oldrel-macos-x86_64, r-oldrel-windows-ix86+x86_64

Version: 1.0
Check: R code for possible problems
Result: NOTE
    Paneldata.formula: no visible global function definition for
     'model.frame'
    Paneldata.formula: no visible global function definition for
     'model.matrix'
    Paneldata.formula: no visible global function definition for
     'model.response'
    summary.Paneldata: no visible global function definition for 'coef'
    summary.Paneldata: no visible global function definition for 'pt'
    Undefined global functions or variables:
     coef model.frame model.matrix model.response pt
    Consider adding
     importFrom("stats", "coef", "model.frame", "model.matrix",
     "model.response", "pt")
    to your NAMESPACE file.
Flavors: r-devel-linux-x86_64-debian-clang, r-devel-linux-x86_64-debian-gcc, r-devel-linux-x86_64-fedora-clang, r-devel-linux-x86_64-fedora-gcc, r-devel-windows-ix86+x86_64, r-patched-linux-x86_64, r-patched-solaris-x86, r-release-linux-x86_64, r-release-macos-x86_64, r-release-windows-ix86+x86_64, r-oldrel-macos-x86_64, r-oldrel-windows-ix86+x86_64