CRAN Package Check Results for Package PantaRhei

Last updated on 2024-07-12 12:55:14 CEST.

Flavor Version Tinstall Tcheck Ttotal Status Flags
r-devel-linux-x86_64-debian-clang 0.1.2 5.02 53.11 58.13 OK
r-devel-linux-x86_64-debian-gcc 0.1.2 3.79 39.97 43.76 OK
r-devel-linux-x86_64-fedora-clang 0.1.2 74.59 NOTE
r-devel-linux-x86_64-fedora-gcc 0.1.2 87.33 NOTE
r-devel-windows-x86_64 0.1.2 4.00 55.00 59.00 OK
r-patched-linux-x86_64 0.1.2 3.81 51.98 55.79 OK
r-release-linux-x86_64 0.1.2 3.86 49.91 53.77 OK
r-release-macos-arm64 0.1.2 27.00 OK
r-release-macos-x86_64 0.1.2 43.00 OK
r-release-windows-x86_64 0.1.2 5.00 53.00 58.00 OK
r-oldrel-macos-arm64 0.1.2 29.00 OK
r-oldrel-macos-x86_64 0.1.2 42.00 OK
r-oldrel-windows-x86_64 0.1.2 6.00 60.00 66.00 OK

Check Details

Version: 0.1.2
Check: dependencies in R code
Result: NOTE Namespace in Imports field not imported from: ‘utils’ All declared Imports should be used. Flavors: r-devel-linux-x86_64-fedora-clang, r-devel-linux-x86_64-fedora-gcc