CRAN Package Check Results for Package ParBayesianOptimization

Last updated on 2021-04-10 22:52:32 CEST.

Flavor Version Tinstall Tcheck Ttotal Status Flags
r-devel-linux-x86_64-debian-clang 1.2.4 9.34 161.17 170.51 NOTE
r-devel-linux-x86_64-debian-gcc 1.2.4 6.17 180.51 186.68 NOTE
r-devel-linux-x86_64-fedora-clang 1.2.4 191.91 NOTE
r-devel-linux-x86_64-fedora-gcc 1.2.4 237.53 NOTE
r-devel-windows-ix86+x86_64 1.2.4 14.00 130.00 144.00 NOTE
r-devel-windows-x86_64-gcc10-UCRT 1.2.4 NOTE
r-patched-linux-x86_64 1.2.4 8.52 204.21 212.73 OK
r-patched-solaris-x86 1.2.4 250.80 OK
r-release-linux-x86_64 1.2.4 7.12 200.46 207.58 OK
r-release-macos-x86_64 1.2.4 OK
r-release-windows-ix86+x86_64 1.2.4 22.00 179.00 201.00 OK
r-oldrel-macos-x86_64 1.2.4 OK
r-oldrel-windows-ix86+x86_64 1.2.4 17.00 179.00 196.00 OK

Check Details

Version: 1.2.4
Check: LazyData
Result: NOTE
     'LazyData' is specified without a 'data' directory
Flavors: r-devel-linux-x86_64-debian-clang, r-devel-linux-x86_64-debian-gcc, r-devel-linux-x86_64-fedora-clang, r-devel-linux-x86_64-fedora-gcc, r-devel-windows-ix86+x86_64, r-devel-windows-x86_64-gcc10-UCRT