CRAN Package Check Results for Package ParallelPC

Last updated on 2021-05-13 05:49:47 CEST.

Flavor Version Tinstall Tcheck Ttotal Status Flags
r-devel-linux-x86_64-debian-clang 1.2 3.68 41.70 45.38 OK
r-devel-linux-x86_64-debian-gcc 1.2 2.95 32.94 35.89 OK
r-devel-linux-x86_64-fedora-clang 1.2 64.80 OK
r-devel-linux-x86_64-fedora-gcc 1.2 53.77 OK
r-devel-windows-ix86+x86_64 1.2 7.00 103.00 110.00 OK
r-devel-windows-x86_64-gcc10-UCRT 1.2 NOTE
r-patched-linux-x86_64 1.2 3.86 40.81 44.67 OK
r-patched-solaris-x86 1.2 82.70 OK
r-release-linux-x86_64 1.2 3.21 40.36 43.57 OK
r-release-macos-x86_64 1.2 OK
r-release-windows-ix86+x86_64 1.2 6.00 102.00 108.00 OK
r-oldrel-macos-x86_64 1.2 ERROR
r-oldrel-windows-ix86+x86_64 1.2 6.00 0.00 6.00 ERROR

Check Details

Version: 1.2
Check: package dependencies
Result: NOTE
    Package suggested but not available for checking: 'Rgraphviz'
Flavor: r-devel-windows-x86_64-gcc10-UCRT

Version: 1.2
Check: package dependencies
Result: NOTE
    Packages suggested but not available for checking: 'pcalg', 'Rgraphviz'
Flavor: r-oldrel-macos-x86_64

Version: 1.2
Check: examples
Result: ERROR
    Running examples in ‘ParallelPC-Ex.R’ failed
    The error most likely occurred in:
    
    > ### Name: IDA_parallel
    > ### Title: Estimate Total Causal Effects using the IDA_parallel Algorithm
    > ### Aliases: IDA_parallel
    >
    > ### ** Examples
    >
    > ##########################################
    > ## Using IDA_parallel without mem.efficeient
    > ##########################################
    > library(bnlearn)
    
    Attaching package: ‘bnlearn’
    
    The following object is masked from ‘package:stats’:
    
     sigma
    
    > library(pcalg)
    Error in library(pcalg) : there is no package called ‘pcalg’
    Execution halted
Flavor: r-oldrel-macos-x86_64

Version: 1.2
Check: whether package can be installed
Result: ERROR
    Installation failed.
    See for details.
    * DONE
    
    Check process probably crashed or hung up for 20 minutes ... killed
    Most likely this happened in the example checks (?),
    if not, ignore the following last lines of example output:
    
    ======== End of example output (where/before crash/hang up occured ?) ========
Flavor: r-oldrel-windows-ix86+x86_64