CRAN Package Check Results for Package ParamHelpers

Last updated on 2022-10-07 07:50:24 CEST.

Flavor Version Tinstall Tcheck Ttotal Status Flags
r-devel-linux-x86_64-debian-clang 1.14.1 8.81 88.08 96.89 OK
r-devel-linux-x86_64-debian-gcc 1.14.1 6.88 63.20 70.08 NOTE
r-devel-linux-x86_64-fedora-clang 1.14.1 135.61 OK
r-devel-linux-x86_64-fedora-gcc 1.14.1 126.72 OK
r-devel-windows-x86_64 1.14.1 142.00 122.00 264.00 OK
r-patched-linux-x86_64 1.14.1 10.21 79.56 89.77 OK
r-release-linux-x86_64 1.14.1 6.75 79.05 85.80 OK
r-release-macos-arm64 1.14.1 32.00 OK
r-release-macos-x86_64 1.14.1 45.00 OK
r-release-windows-x86_64 1.14.1 91.00 113.00 204.00 OK
r-oldrel-macos-arm64 1.14.1 33.00 OK
r-oldrel-macos-x86_64 1.14.1 45.00 OK
r-oldrel-windows-ix86+x86_64 1.14.1 18.00 145.00 163.00 OK

Check Details

Version: 1.14.1
Check: compilation flags used
Result: NOTE
    Compilation used the following non-portable flag(s):
     ‘-Wstrict-prototypes’
Flavor: r-devel-linux-x86_64-debian-gcc