Last updated on 2025-01-20 19:49:21 CET.
Flavor | Version | Tinstall | Tcheck | Ttotal | Status | Flags |
---|---|---|---|---|---|---|
r-devel-linux-x86_64-debian-clang | 0.1 | 14.13 | 121.63 | 135.76 | OK | |
r-devel-linux-x86_64-debian-gcc | 0.1 | 9.07 | 84.83 | 93.90 | OK | |
r-devel-linux-x86_64-fedora-clang | 0.1 | 213.34 | NOTE | |||
r-devel-linux-x86_64-fedora-gcc | 0.1 | 227.60 | NOTE | |||
r-devel-windows-x86_64 | 0.1 | 16.00 | 125.00 | 141.00 | OK | |
r-patched-linux-x86_64 | 0.1 | 13.02 | 112.08 | 125.10 | OK | |
r-release-linux-x86_64 | 0.1 | 13.01 | 111.96 | 124.97 | OK | |
r-release-macos-arm64 | 0.1 | 65.00 | OK | |||
r-release-macos-x86_64 | 0.1 | 89.00 | OK | |||
r-release-windows-x86_64 | 0.1 | 14.00 | 123.00 | 137.00 | OK | |
r-oldrel-macos-arm64 | 0.1 | 77.00 | OK | |||
r-oldrel-macos-x86_64 | 0.1 | 95.00 | OK | |||
r-oldrel-windows-x86_64 | 0.1 | 20.00 | 152.00 | 172.00 | OK |
Version: 0.1
Check: dependencies in R code
Result: NOTE
Namespaces in Imports field not imported from:
‘ComplexHeatmap’ ‘mathjaxr’
All declared Imports should be used.
Flavors: r-devel-linux-x86_64-fedora-clang, r-devel-linux-x86_64-fedora-gcc