Last updated on 2023-02-04 02:50:05 CET.
Flavor | Version | Tinstall | Tcheck | Ttotal | Status | Flags |
---|---|---|---|---|---|---|
r-devel-linux-x86_64-debian-clang | 1.4 | 39.92 | 391.74 | 431.66 | OK | |
r-devel-linux-x86_64-debian-gcc | 1.4 | 35.49 | 290.17 | 325.66 | OK | |
r-devel-linux-x86_64-fedora-clang | 1.4 | 577.21 | OK | |||
r-devel-linux-x86_64-fedora-gcc | 1.4 | 583.53 | OK | |||
r-devel-windows-x86_64 | 1.4 | 91.00 | 420.00 | 511.00 | OK | |
r-patched-linux-x86_64 | 1.4 | 59.79 | 445.33 | 505.12 | OK | |
r-release-linux-x86_64 | 1.4 | 51.56 | 434.63 | 486.19 | OK | |
r-release-macos-arm64 | 1.4 | 5.00 | ERROR | |||
r-release-macos-x86_64 | 1.4 | 486.00 | OK | |||
r-release-windows-x86_64 | 1.4 | 86.00 | 436.00 | 522.00 | OK | |
r-oldrel-macos-arm64 | 1.4 | 210.00 | OK | |||
r-oldrel-macos-x86_64 | 1.4 | 253.00 | OK | |||
r-oldrel-windows-ix86+x86_64 | 1.4 | 89.00 | 395.00 | 484.00 | OK |
Version: 1.4
Check: package dependencies
Result: ERROR
Package required but not available: ‘Mfuzz’
See section ‘The DESCRIPTION file’ in the ‘Writing R Extensions’
manual.
Flavor: r-release-macos-arm64