CRAN Package Check Results for Package Patterns

Last updated on 2019-09-22 14:47:34 CEST.

Flavor Version Tinstall Tcheck Ttotal Status Flags
r-devel-linux-x86_64-debian-clang 1.1 12.64 123.09 135.73 OK
r-devel-linux-x86_64-debian-gcc 1.1 10.35 99.79 110.14 OK
r-devel-linux-x86_64-fedora-clang 1.1 163.42 NOTE
r-devel-linux-x86_64-fedora-gcc 1.1 163.91 NOTE
r-devel-windows-ix86+x86_64 1.1 41.00 195.00 236.00 OK
r-patched-linux-x86_64 1.1 10.63 121.06 131.69 OK
r-patched-solaris-x86 1.1 262.70 NOTE
r-release-linux-x86_64 1.1 12.39 123.12 135.51 OK
r-release-windows-ix86+x86_64 1.1 23.00 150.00 173.00 OK
r-release-osx-x86_64 1.1 ERROR
r-oldrel-windows-ix86+x86_64 1.1 14.00 132.00 146.00 OK
r-oldrel-osx-x86_64 1.1 ERROR

Check Details

Version: 1.1
Check: dependencies in R code
Result: NOTE
    Namespaces in Imports field not imported from:
     ‘Biobase’ ‘KernSmooth’ ‘Mfuzz’ ‘SelectBoost’ ‘animation’ ‘c060’
     ‘cluster’ ‘gplots’ ‘grid’ ‘jetset’
     All declared Imports should be used.
Flavors: r-devel-linux-x86_64-fedora-clang, r-devel-linux-x86_64-fedora-gcc, r-patched-solaris-x86

Version: 1.1
Check: package dependencies
Result: ERROR
    Packages required but not available:
     'Biobase', 'jetset', 'limma', 'Mfuzz', 'SelectBoost', 'WGCNA'
    
    Package suggested but not available for checking: ‘biomaRt’
    
    See section ‘The DESCRIPTION file’ in the ‘Writing R Extensions’
    manual.
Flavor: r-release-osx-x86_64

Version: 1.1
Check: package dependencies
Result: ERROR
    Package required but not available: ‘Mfuzz’
    
    See section ‘The DESCRIPTION file’ in the ‘Writing R Extensions’
    manual.
Flavor: r-oldrel-osx-x86_64