Last updated on 2023-03-31 09:54:17 CEST.
Flavor | Version | Tinstall | Tcheck | Ttotal | Status | Flags |
---|---|---|---|---|---|---|
r-devel-linux-x86_64-debian-clang | 2022.2.1 | 6.69 | 126.48 | 133.17 | NOTE | |
r-devel-linux-x86_64-debian-gcc | 2022.2.1 | 5.36 | 94.70 | 100.06 | NOTE | |
r-devel-linux-x86_64-fedora-clang | 2022.2.1 | 182.74 | NOTE | |||
r-devel-linux-x86_64-fedora-gcc | 2022.2.1 | 175.09 | NOTE | |||
r-devel-windows-x86_64 | 2022.2.1 | 38.00 | 0.00 | 38.00 | NOTE | |
r-patched-linux-x86_64 | 2022.2.1 | 6.61 | 120.76 | 127.37 | NOTE | |
r-release-linux-x86_64 | 2022.2.1 | 6.01 | 120.39 | 126.40 | OK | |
r-release-macos-arm64 | 2022.2.1 | 60.00 | OK | |||
r-release-macos-x86_64 | 2022.2.1 | 1803.00 | OK | |||
r-release-windows-x86_64 | 2022.2.1 | 34.00 | 260.00 | 294.00 | OK | |
r-oldrel-macos-arm64 | 2022.2.1 | 59.00 | OK | |||
r-oldrel-macos-x86_64 | 2022.2.1 | 129.00 | OK | |||
r-oldrel-windows-ix86+x86_64 | 2022.2.1 | 20.00 | 221.00 | 241.00 | OK |
Version: 2022.2.1
Check: C++ specification
Result: NOTE
Specified C++11: please drop specification unless essential
Flavors: r-devel-linux-x86_64-debian-clang, r-devel-linux-x86_64-debian-gcc, r-devel-linux-x86_64-fedora-clang, r-devel-linux-x86_64-fedora-gcc, r-devel-windows-x86_64, r-patched-linux-x86_64