CRAN Package Check Results for Package PearsonDS

Last updated on 2021-09-27 15:48:47 CEST.

Flavor Version Tinstall Tcheck Ttotal Status Flags
r-devel-linux-x86_64-debian-clang 1.2 8.77 37.10 45.87 WARN
r-devel-linux-x86_64-debian-gcc 1.2 6.55 30.08 36.63 WARN
r-devel-linux-x86_64-fedora-clang 1.2 66.28 OK
r-devel-linux-x86_64-fedora-gcc 1.2 55.05 OK
r-devel-windows-x86_64 1.2 11.00 42.00 53.00 OK
r-devel-windows-x86_64-gcc10-UCRT 1.2 OK
r-patched-linux-x86_64 1.2 8.79 36.13 44.92 WARN
r-patched-solaris-x86 1.2 71.00 OK
r-release-linux-x86_64 1.2 7.74 36.00 43.74 WARN
r-release-macos-arm64 1.2 OK
r-release-macos-x86_64 1.2 OK
r-release-windows-ix86+x86_64 1.2 22.00 65.00 87.00 OK
r-oldrel-macos-x86_64 1.2 OK
r-oldrel-windows-ix86+x86_64 1.2 17.00 54.00 71.00 OK

Check Details

Version: 1.2
Check: top-level files
Result: WARN
     Output from running autoreconf:
     configure.ac:4: warning: The macro `AC_CONFIG_HEADER' is obsolete.
     configure.ac:4: You should run autoupdate.
     ./lib/autoconf/status.m4:719: AC_CONFIG_HEADER is expanded from...
     configure.ac:4: the top level
     configure.ac:224: warning: The macro `AC_TRY_RUN' is obsolete.
     configure.ac:224: You should run autoupdate.
     ./lib/autoconf/general.m4:2997: AC_TRY_RUN is expanded from...
     configure.ac:42: CHECK_FLOAT_PRECISION is expanded from...
     configure.ac:224: the top level
Flavors: r-devel-linux-x86_64-debian-clang, r-devel-linux-x86_64-debian-gcc, r-patched-linux-x86_64, r-release-linux-x86_64