CRAN Package Check Results for Package PenCoxFrail

Last updated on 2022-01-26 09:49:48 CET.

Flavor Version Tinstall Tcheck Ttotal Status Flags
r-devel-linux-x86_64-debian-clang 1.0.1 32.82 79.73 112.55 OK
r-devel-linux-x86_64-debian-gcc 1.0.1 24.99 61.65 86.64 OK
r-devel-linux-x86_64-fedora-clang 1.0.1 147.61 NOTE
r-devel-linux-x86_64-fedora-gcc 1.0.1 133.40 NOTE
r-devel-windows-x86_64-new-UL 1.0.1 62.00 129.00 191.00 OK
r-devel-windows-x86_64-new-TK 1.0.1 OK
r-patched-linux-x86_64 1.0.1 33.38 74.43 107.81 OK
r-release-linux-x86_64 1.0.1 31.44 74.74 106.18 OK
r-release-macos-arm64 1.0.1 OK
r-release-macos-x86_64 1.0.1 OK
r-release-windows-ix86+x86_64 1.0.1 86.00 130.00 216.00 OK
r-oldrel-macos-x86_64 1.0.1 OK
r-oldrel-windows-ix86+x86_64 1.0.1 86.00 127.00 213.00 OK

Check Details

Version: 1.0.1
Check: compiled code
Result: NOTE
    File ‘PenCoxFrail/libs/PenCoxFrail.so’:
     Found no calls to: ‘R_registerRoutines’, ‘R_useDynamicSymbols’
    
    It is good practice to register native routines and to disable symbol
    search.
    
    See ‘Writing portable packages’ in the ‘Writing R Extensions’ manual.
Flavors: r-devel-linux-x86_64-fedora-clang, r-devel-linux-x86_64-fedora-gcc