CRAN Package Check Results for Package PenCoxFrail

Last updated on 2019-09-18 09:50:34 CEST.

Flavor Version Tinstall Tcheck Ttotal Status Flags
r-devel-linux-x86_64-debian-clang 1.0.1 28.74 56.14 84.88 OK
r-devel-linux-x86_64-debian-gcc 1.0.1 26.36 45.42 71.78 OK
r-devel-linux-x86_64-fedora-clang 1.0.1 115.16 NOTE
r-devel-linux-x86_64-fedora-gcc 1.0.1 112.79 NOTE
r-devel-windows-ix86+x86_64 1.0.1 79.00 128.00 207.00 OK
r-patched-linux-x86_64 1.0.1 26.68 55.03 81.71 OK
r-patched-solaris-x86 1.0.1 145.40 OK
r-release-linux-x86_64 1.0.1 29.28 55.49 84.77 OK
r-release-windows-ix86+x86_64 1.0.1 55.00 90.00 145.00 OK
r-release-osx-x86_64 1.0.1 OK
r-oldrel-windows-ix86+x86_64 1.0.1 48.00 88.00 136.00 OK
r-oldrel-osx-x86_64 1.0.1 OK

Check Details

Version: 1.0.1
Check: compiled code
Result: NOTE
    File ‘PenCoxFrail/libs/PenCoxFrail.so’:
     Found no calls to: ‘R_registerRoutines’, ‘R_useDynamicSymbols’
    
    It is good practice to register native routines and to disable symbol
    search.
    
    See ‘Writing portable packages’ in the ‘Writing R Extensions’ manual.
Flavors: r-devel-linux-x86_64-fedora-clang, r-devel-linux-x86_64-fedora-gcc