CRAN Package Check Results for Package PenCoxFrail

Last updated on 2020-02-18 01:52:01 CET.

Flavor Version Tinstall Tcheck Ttotal Status Flags
r-devel-linux-x86_64-debian-clang 1.0.1 36.51 64.84 101.35 OK
r-devel-linux-x86_64-debian-gcc 1.0.1 24.83 50.44 75.27 OK
r-devel-linux-x86_64-fedora-clang 1.0.1 123.94 NOTE
r-devel-linux-x86_64-fedora-gcc 1.0.1 121.97 NOTE
r-devel-windows-ix86+x86_64 1.0.1 57.00 97.00 154.00 OK
r-devel-windows-ix86+x86_64-gcc8 1.0.1 91.00 133.00 224.00 OK
r-patched-linux-x86_64 1.0.1 27.18 55.88 83.06 OK
r-patched-solaris-x86 1.0.1 146.40 OK
r-release-linux-x86_64 1.0.1 28.99 56.18 85.17 OK
r-release-windows-ix86+x86_64 1.0.1 59.00 92.00 151.00 OK
r-release-osx-x86_64 1.0.1 OK
r-oldrel-windows-ix86+x86_64 1.0.1 53.00 122.00 175.00 OK
r-oldrel-osx-x86_64 1.0.1 OK

Check Details

Version: 1.0.1
Check: compiled code
Result: NOTE
    File ‘PenCoxFrail/libs/PenCoxFrail.so’:
     Found no calls to: ‘R_registerRoutines’, ‘R_useDynamicSymbols’
    
    It is good practice to register native routines and to disable symbol
    search.
    
    See ‘Writing portable packages’ in the ‘Writing R Extensions’ manual.
Flavors: r-devel-linux-x86_64-fedora-clang, r-devel-linux-x86_64-fedora-gcc