CRAN Package Check Results for Package PenIC

Last updated on 2021-12-02 19:53:18 CET.

Flavor Version Tinstall Tcheck Ttotal Status Flags
r-devel-linux-x86_64-debian-clang 1.0.0 8.12 62.17 70.29 NOTE
r-devel-linux-x86_64-debian-gcc 1.0.0 5.46 48.72 54.18 NOTE
r-devel-linux-x86_64-fedora-clang 1.0.0 96.65 NOTE
r-devel-linux-x86_64-fedora-gcc 1.0.0 84.55 NOTE
r-devel-windows-x86_64-new-UL 1.0.0 13.00 103.00 116.00 NOTE
r-devel-windows-x86_64-new-TK 1.0.0 NOTE
r-devel-windows-x86_64-old 1.0.0 13.00 63.00 76.00 NOTE
r-patched-linux-x86_64 1.0.0 7.26 60.10 67.36 NOTE
r-patched-solaris-x86 1.0.0 123.80 NOTE
r-release-linux-x86_64 1.0.0 6.75 60.56 67.31 NOTE
r-release-macos-arm64 1.0.0 NOTE
r-release-macos-x86_64 1.0.0 NOTE
r-release-windows-ix86+x86_64 1.0.0 15.00 85.00 100.00 NOTE
r-oldrel-macos-x86_64 1.0.0 OK
r-oldrel-windows-ix86+x86_64 1.0.0 16.00 80.00 96.00 OK

Check Details

Version: 1.0.0
Check: LazyData
Result: NOTE
     'LazyData' is specified without a 'data' directory
Flavors: r-devel-linux-x86_64-debian-clang, r-devel-linux-x86_64-debian-gcc, r-devel-linux-x86_64-fedora-clang, r-devel-linux-x86_64-fedora-gcc, r-devel-windows-x86_64-new-UL, r-devel-windows-x86_64-new-TK, r-devel-windows-x86_64-old, r-patched-linux-x86_64, r-patched-solaris-x86, r-release-linux-x86_64, r-release-macos-arm64, r-release-macos-x86_64, r-release-windows-ix86+x86_64