CRAN Package Check Results for Package Peptides

Last updated on 2020-10-28 12:48:08 CET.

Flavor Version Tinstall Tcheck Ttotal Status Flags
r-devel-linux-x86_64-debian-clang 2.4.2 19.41 34.39 53.80 OK
r-devel-linux-x86_64-debian-gcc 2.4.2 13.74 26.72 40.46 OK
r-devel-linux-x86_64-fedora-clang 2.4.2 78.12 OK
r-devel-linux-x86_64-fedora-gcc 2.4.2 77.92 OK
r-devel-windows-ix86+x86_64 2.4.2 47.00 83.00 130.00 NOTE
r-patched-linux-x86_64 2.4.2 OK
r-patched-solaris-x86 2.4.2 81.50 OK
r-release-linux-x86_64 2.4.2 17.98 32.80 50.78 OK
r-release-macos-x86_64 2.4.2 OK
r-release-windows-ix86+x86_64 2.4.2 40.00 63.00 103.00 NOTE
r-oldrel-macos-x86_64 2.4.2 OK
r-oldrel-windows-ix86+x86_64 2.4.2 51.00 79.00 130.00 OK

Check Details

Version: 2.4.2
Check: installed package size
Result: NOTE
     installed size is 5.5Mb
     sub-directories of 1Mb or more:
     libs 2.0Mb
     xvg-files 3.2Mb
Flavors: r-devel-windows-ix86+x86_64, r-release-windows-ix86+x86_64