CRAN Package Check Results for Package Peptides

Last updated on 2022-12-02 13:52:29 CET.

Flavor Version Tinstall Tcheck Ttotal Status Flags
r-devel-linux-x86_64-debian-clang 2.4.4 18.73 41.12 59.85 WARN
r-devel-linux-x86_64-debian-gcc 2.4.4 12.66 31.25 43.91 WARN
r-devel-linux-x86_64-fedora-clang 2.4.4 91.76 WARN
r-devel-linux-x86_64-fedora-gcc 2.4.4 82.12 WARN
r-devel-windows-x86_64 2.4.4 47.00 95.00 142.00 NOTE
r-patched-linux-x86_64 2.4.4 18.16 37.06 55.22 OK
r-release-linux-x86_64 2.4.4 17.51 38.19 55.70 OK
r-release-macos-arm64 2.4.4 29.00 OK
r-release-macos-x86_64 2.4.4 38.00 OK
r-release-windows-x86_64 2.4.4 54.00 92.00 146.00 OK
r-oldrel-macos-arm64 2.4.4 33.00 OK
r-oldrel-macos-x86_64 2.4.4 54.00 OK
r-oldrel-windows-ix86+x86_64 2.4.4 51.00 91.00 142.00 NOTE

Check Details

Version: 2.4.4
Check: whether package can be installed
Result: WARN
    Found the following significant warnings:
     init.c:13:51: warning: a function declaration without a prototype is deprecated in all versions of C [-Wstrict-prototypes]
Flavors: r-devel-linux-x86_64-debian-clang, r-devel-linux-x86_64-fedora-clang

Version: 2.4.4
Check: package subdirectories
Result: NOTE
    Problems with news in 'NEWS.md':
    No news entries found.
Flavors: r-devel-linux-x86_64-debian-clang, r-devel-linux-x86_64-debian-gcc, r-devel-linux-x86_64-fedora-clang, r-devel-linux-x86_64-fedora-gcc, r-devel-windows-x86_64

Version: 2.4.4
Check: whether package can be installed
Result: WARN
    Found the following significant warnings:
     init.c:13:1: warning: function declaration isn’t a prototype [-Wstrict-prototypes]
Flavors: r-devel-linux-x86_64-debian-gcc, r-devel-linux-x86_64-fedora-gcc

Version: 2.4.4
Check: installed package size
Result: NOTE
     installed size is 5.5Mb
     sub-directories of 1Mb or more:
     libs 2.0Mb
     xvg-files 3.2Mb
Flavor: r-oldrel-windows-ix86+x86_64