Last updated on 2023-12-07 07:50:40 CET.
Flavor | Version | Tinstall | Tcheck | Ttotal | Status | Flags |
---|---|---|---|---|---|---|
r-devel-linux-x86_64-debian-clang | 2.4.5 | 19.52 | 39.43 | 58.95 | WARN | |
r-devel-linux-x86_64-debian-gcc | 2.4.5 | 13.63 | 30.77 | 44.40 | NOTE | |
r-devel-linux-x86_64-fedora-clang | 2.4.5 | 82.55 | WARN | |||
r-devel-linux-x86_64-fedora-gcc | 2.4.5 | 78.76 | OK | |||
r-devel-windows-x86_64 | 2.4.5 | 19.00 | 75.00 | 94.00 | OK | |
r-patched-linux-x86_64 | 2.4.5 | 18.80 | 39.30 | 58.10 | OK | |
r-release-linux-x86_64 | 2.4.5 | 18.85 | 38.69 | 57.54 | OK | |
r-release-macos-arm64 | 2.4.5 | 27.00 | OK | |||
r-release-macos-x86_64 | 2.4.5 | 64.00 | OK | |||
r-release-windows-x86_64 | 2.4.5 | 18.00 | 85.00 | 103.00 | OK | |
r-oldrel-macos-arm64 | 2.4.5 | 28.00 | OK | |||
r-oldrel-macos-x86_64 | 2.4.5 | 43.00 | OK | |||
r-oldrel-windows-x86_64 | 2.4.5 | 23.00 | 78.00 | 101.00 | OK |
Version: 2.4.5
Check: whether package can be installed
Result: WARN
Found the following significant warnings:
RcppExports.cpp:47:18: warning: format string is not a string literal (potentially insecure) [-Wformat-security]
RcppExports.cpp:83:18: warning: format string is not a string literal (potentially insecure) [-Wformat-security]
See ‘/home/hornik/tmp/R.check/r-devel-clang/Work/PKGS/Peptides.Rcheck/00install.out’ for details.
* used C compiler: ‘Debian clang version 17.0.5 (1)’
* used C++ compiler: ‘Debian clang version 17.0.5 (1)’
Flavor: r-devel-linux-x86_64-debian-clang
Version: 2.4.5
Check: Rd files
Result: NOTE
checkRd: (-1) aaComp.Rd:15: Lost braces in \itemize; \value handles \item{}{} directly
checkRd: (-1) aaComp.Rd:16: Lost braces in \itemize; \value handles \item{}{} directly
checkRd: (-1) aaComp.Rd:17: Lost braces in \itemize; \value handles \item{}{} directly
checkRd: (-1) aaComp.Rd:18: Lost braces in \itemize; \value handles \item{}{} directly
checkRd: (-1) aaComp.Rd:19: Lost braces in \itemize; \value handles \item{}{} directly
checkRd: (-1) aaComp.Rd:20: Lost braces in \itemize; \value handles \item{}{} directly
checkRd: (-1) aaComp.Rd:21: Lost braces in \itemize; \value handles \item{}{} directly
checkRd: (-1) aaComp.Rd:22: Lost braces in \itemize; \value handles \item{}{} directly
checkRd: (-1) aaComp.Rd:23: Lost braces in \itemize; \value handles \item{}{} directly
checkRd: (-1) massShift.Rd:9-11: Lost braces in \itemize; meant \describe ?
checkRd: (-1) massShift.Rd:12-15: Lost braces in \itemize; meant \describe ?
checkRd: (-1) massShift.Rd:16-21: Lost braces in \itemize; meant \describe ?
Flavors: r-devel-linux-x86_64-debian-clang, r-devel-linux-x86_64-debian-gcc
Version: 2.4.5
Check: whether package can be installed
Result: WARN
Found the following significant warnings:
RcppExports.cpp:47:18: warning: format string is not a string literal (potentially insecure) [-Wformat-security]
RcppExports.cpp:83:18: warning: format string is not a string literal (potentially insecure) [-Wformat-security]
See ‘/data/gannet/ripley/R/packages/tests-clang/Peptides.Rcheck/00install.out’ for details.
* used C compiler: ‘clang version 17.0.5’
* used C++ compiler: ‘clang version 17.0.5’
Flavor: r-devel-linux-x86_64-fedora-clang