CRAN Package Check Results for Package PerMallows

Last updated on 2021-07-28 20:50:10 CEST.

Flavor Version Tinstall Tcheck Ttotal Status Flags
r-devel-linux-x86_64-debian-clang 1.13 NOTE
r-devel-linux-x86_64-debian-gcc 1.13 14.08 27.07 41.15 NOTE
r-devel-linux-x86_64-fedora-clang 1.13 90.05 NOTE
r-devel-linux-x86_64-fedora-gcc 1.13 65.24 NOTE
r-devel-windows-x86_64 1.13 25.00 63.00 88.00 OK
r-devel-windows-x86_64-gcc10-UCRT 1.13 OK
r-patched-linux-x86_64 1.13 18.32 33.53 51.85 NOTE
r-patched-solaris-x86 1.13 81.50 NOTE
r-release-linux-x86_64 1.13 17.84 33.84 51.68 NOTE
r-release-macos-arm64 1.13 OK
r-release-macos-x86_64 1.13 OK
r-release-windows-ix86+x86_64 1.13 52.00 60.00 112.00 OK
r-oldrel-macos-x86_64 1.13 OK
r-oldrel-windows-ix86+x86_64 1.13 47.00 78.00 125.00 OK

Check Details

Version: 1.13
Check: for non-standard things in the check directory
Result: NOTE
    Found the following files/directories:
     'permus_per_dist_4' 'permus_per_shape_bin_4_0'
     'permus_per_shape_bin_4_1' 'permus_per_shape_bin_4_2'
     'permus_per_shape_bin_4_3'
Flavors: r-devel-linux-x86_64-debian-clang, r-devel-linux-x86_64-debian-gcc, r-devel-linux-x86_64-fedora-clang, r-devel-linux-x86_64-fedora-gcc, r-patched-linux-x86_64, r-patched-solaris-x86, r-release-linux-x86_64