CRAN Package Check Results for Package PermAlgo

Last updated on 2022-01-25 10:53:24 CET.

Flavor Version Tinstall Tcheck Ttotal Status Flags
r-devel-linux-x86_64-debian-clang 1.1 2.02 35.51 37.53 NOTE
r-devel-linux-x86_64-debian-gcc 1.1 1.53 30.18 31.71 NOTE
r-devel-linux-x86_64-fedora-clang 1.1 46.20 NOTE
r-devel-linux-x86_64-fedora-gcc 1.1 35.80 NOTE
r-devel-windows-x86_64-new-UL 1.1 13.00 58.00 71.00 NOTE
r-devel-windows-x86_64-new-TK 1.1 NOTE
r-patched-linux-x86_64 1.1 1.88 34.59 36.47 NOTE
r-release-linux-x86_64 1.1 1.55 34.93 36.48 NOTE
r-release-macos-arm64 1.1 NOTE
r-release-macos-x86_64 1.1 NOTE
r-release-windows-ix86+x86_64 1.1 5.00 43.00 48.00 NOTE
r-oldrel-macos-x86_64 1.1 FAIL
r-oldrel-windows-ix86+x86_64 1.1 5.00 40.00 45.00 NOTE

Check Details

Version: 1.1
Check: R code for possible problems
Result: NOTE
    permalgorithm: no visible global function definition for 'is'
    Undefined global functions or variables:
     is
    Consider adding
     importFrom("methods", "is")
    to your NAMESPACE file (and ensure that your DESCRIPTION Imports field
    contains 'methods').
Flavors: r-devel-linux-x86_64-debian-clang, r-devel-linux-x86_64-debian-gcc, r-devel-linux-x86_64-fedora-clang, r-devel-linux-x86_64-fedora-gcc, r-devel-windows-x86_64-new-UL, r-devel-windows-x86_64-new-TK, r-patched-linux-x86_64, r-release-linux-x86_64, r-release-macos-arm64, r-release-macos-x86_64, r-release-windows-ix86+x86_64, r-oldrel-macos-x86_64, r-oldrel-windows-ix86+x86_64

Version: 1.1
Check: Rd \usage sections
Result: FAIL
Flavor: r-oldrel-macos-x86_64