CRAN Package Check Results for Package PerseusR

Last updated on 2022-05-17 12:49:02 CEST.

Flavor Version Tinstall Tcheck Ttotal Status Flags
r-devel-linux-x86_64-debian-clang 0.3.4 6.90 67.02 73.92 NOTE
r-devel-linux-x86_64-debian-gcc 0.3.4 6.52 52.19 58.71 NOTE
r-devel-linux-x86_64-fedora-clang 0.3.4 89.09 NOTE
r-devel-linux-x86_64-fedora-gcc 0.3.4 87.35 NOTE
r-devel-windows-x86_64 0.3.4 50.00 90.00 140.00 NOTE
r-patched-linux-x86_64 0.3.4 10.48 65.01 75.49 NOTE
r-release-linux-x86_64 0.3.4 6.71 64.48 71.19 NOTE
r-release-macos-arm64 0.3.4 28.00 NOTE
r-release-macos-x86_64 0.3.4 40.00 NOTE
r-release-windows-x86_64 0.3.4 42.00 90.00 132.00 NOTE
r-oldrel-macos-arm64 0.3.4 35.00 NOTE
r-oldrel-macos-x86_64 0.3.4 45.00 NOTE
r-oldrel-windows-ix86+x86_64 0.3.4 17.00 82.00 99.00 NOTE

Check Details

Version: 0.3.4
Check: LazyData
Result: NOTE
     'LazyData' is specified without a 'data' directory
Flavors: r-devel-linux-x86_64-debian-clang, r-devel-linux-x86_64-debian-gcc, r-devel-linux-x86_64-fedora-clang, r-devel-linux-x86_64-fedora-gcc, r-devel-windows-x86_64, r-patched-linux-x86_64, r-release-linux-x86_64, r-release-macos-arm64, r-release-macos-x86_64, r-release-windows-x86_64, r-oldrel-macos-arm64, r-oldrel-macos-x86_64, r-oldrel-windows-ix86+x86_64