CRAN Package Check Results for Package PerseusR

Last updated on 2022-11-27 05:51:39 CET.

Flavor Version Tinstall Tcheck Ttotal Status Flags
r-devel-linux-x86_64-debian-clang 0.3.4 6.81 61.34 68.15 NOTE
r-devel-linux-x86_64-debian-gcc 0.3.4 6.33 46.43 52.76 NOTE
r-devel-linux-x86_64-fedora-clang 0.3.4 95.46 NOTE
r-devel-linux-x86_64-fedora-gcc 0.3.4 91.09 NOTE
r-devel-windows-x86_64 0.3.4 35.00 95.00 130.00 NOTE
r-patched-linux-x86_64 0.3.4 7.19 56.98 64.17 NOTE
r-release-linux-x86_64 0.3.4 7.45 56.93 64.38 NOTE
r-release-macos-arm64 0.3.4 28.00 NOTE
r-release-macos-x86_64 0.3.4 40.00 NOTE
r-release-windows-x86_64 0.3.4 35.00 94.00 129.00 NOTE
r-oldrel-macos-arm64 0.3.4 35.00 NOTE
r-oldrel-macos-x86_64 0.3.4 45.00 NOTE
r-oldrel-windows-ix86+x86_64 0.3.4 16.00 86.00 102.00 NOTE

Check Details

Version: 0.3.4
Check: LazyData
Result: NOTE
     'LazyData' is specified without a 'data' directory
Flavors: r-devel-linux-x86_64-debian-clang, r-devel-linux-x86_64-debian-gcc, r-devel-linux-x86_64-fedora-clang, r-devel-linux-x86_64-fedora-gcc, r-devel-windows-x86_64, r-patched-linux-x86_64, r-release-linux-x86_64, r-release-macos-arm64, r-release-macos-x86_64, r-release-windows-x86_64, r-oldrel-macos-arm64, r-oldrel-macos-x86_64, r-oldrel-windows-ix86+x86_64