CRAN Package Check Results for Package PersianStemmer

Last updated on 2020-08-07 19:47:24 CEST.

Flavor Version Tinstall Tcheck Ttotal Status Flags
r-devel-linux-x86_64-debian-clang 1.0 3.90 25.60 29.50 OK
r-devel-linux-x86_64-debian-gcc 1.0 2.67 19.73 22.40 OK
r-devel-linux-x86_64-fedora-clang 1.0 42.99 NOTE
r-devel-linux-x86_64-fedora-gcc 1.0 33.18 NOTE
r-devel-windows-ix86+x86_64 1.0 9.00 35.00 44.00 OK
r-patched-linux-x86_64 1.0 2.95 25.40 28.35 OK
r-patched-solaris-x86 1.0 49.40 NOTE
r-release-linux-x86_64 1.0 3.34 25.10 28.44 OK
r-release-macos-x86_64 1.0 NOTE
r-release-windows-ix86+x86_64 1.0 7.00 31.00 38.00 OK
r-oldrel-macos-x86_64 1.0 NOTE
r-oldrel-windows-ix86+x86_64 1.0 9.00 56.00 65.00 OK

Check Details

Version: 1.0
Check: data for non-ASCII characters
Result: NOTE
     Note: found 1 marked UTF-8 string
Flavors: r-devel-linux-x86_64-fedora-clang, r-devel-linux-x86_64-fedora-gcc, r-patched-solaris-x86, r-release-macos-x86_64, r-oldrel-macos-x86_64