CRAN Package Check Results for Package PheCAP

Last updated on 2021-08-01 06:49:33 CEST.

Flavor Version Tinstall Tcheck Ttotal Status Flags
r-devel-linux-x86_64-debian-clang 1.2.1 11.97 416.19 428.16 OK
r-devel-linux-x86_64-debian-gcc 1.2.1 8.60 304.87 313.47 OK
r-devel-linux-x86_64-fedora-clang 1.2.1 531.84 OK
r-devel-linux-x86_64-fedora-gcc 1.2.1 523.00 OK
r-devel-windows-x86_64 1.2.1 12.00 494.00 506.00 OK
r-devel-windows-x86_64-gcc10-UCRT 1.2.1 OK
r-patched-linux-x86_64 1.2.1 OK
r-patched-solaris-x86 1.2.1 1371.00 OK
r-release-linux-x86_64 1.2.1 10.19 411.17 421.36 OK
r-release-macos-arm64 1.2.1 WARN
r-release-macos-x86_64 1.2.1 OK
r-release-windows-ix86+x86_64 1.2.1 22.00 477.00 499.00 OK
r-oldrel-macos-x86_64 1.2.1 OK
r-oldrel-windows-ix86+x86_64 1.2.1 18.00 498.00 516.00 OK

Check Details

Version: 1.2.1
Check: installed package size
Result: NOTE
     installed size is 5.1Mb
     sub-directories of 1Mb or more:
     data 3.1Mb
     doc 1.9Mb
Flavor: r-release-macos-arm64

Version: 1.2.1
Check: re-building of vignette outputs
Result: WARN
    Error(s) in re-building vignettes:
    --- re-building ‘NER-MetaMAP.Rmd’ using rmarkdown
    Warning in engine$weave(file, quiet = quiet, encoding = enc) :
     Pandoc (>= 1.12.3) not available. Falling back to R Markdown v1.
    --- finished re-building ‘NER-MetaMAP.Rmd’
    
    --- re-building ‘NLP-NILE.Rmd’ using rmarkdown
    Warning in engine$weave(file, quiet = quiet, encoding = enc) :
     Pandoc (>= 1.12.3) not available. Falling back to R Markdown v1.
    --- finished re-building ‘NLP-NILE.Rmd’
    
    --- re-building ‘example1.Rmd’ using rmarkdown
    Warning in engine$weave(file, quiet = quiet, encoding = enc) :
     Pandoc (>= 1.12.3) not available. Falling back to R Markdown v1.
    Quitting from lines 89-90 (example1.Rmd)
    Error: processing vignette 'example1.Rmd' failed with diagnostics:
    polygon edge not found
    --- failed re-building ‘example1.Rmd’
    
    --- re-building ‘example2.Rmd’ using rmarkdown
    Warning in engine$weave(file, quiet = quiet, encoding = enc) :
     Pandoc (>= 1.12.3) not available. Falling back to R Markdown v1.
    Quitting from lines 63-64 (example2.Rmd)
    Error: processing vignette 'example2.Rmd' failed with diagnostics:
    polygon edge not found
    --- failed re-building ‘example2.Rmd’
    
    --- re-building ‘main.Rmd’ using rmarkdown
    Warning in engine$weave(file, quiet = quiet, encoding = enc) :
     Pandoc (>= 1.12.3) not available. Falling back to R Markdown v1.
    --- finished re-building ‘main.Rmd’
    
    SUMMARY: processing the following files failed:
     ‘example1.Rmd’ ‘example2.Rmd’
    
    Error: Vignette re-building failed.
    Execution halted
Flavor: r-release-macos-arm64