CRAN Package Check Results for Package PhitestR

Last updated on 2021-10-19 00:49:26 CEST.

Flavor Version Tinstall Tcheck Ttotal Status Flags
r-devel-linux-x86_64-debian-clang 0.1.0 17.95 144.21 162.16 OK
r-devel-linux-x86_64-debian-gcc 0.1.0 13.80 108.52 122.32 OK
r-devel-linux-x86_64-fedora-clang 0.1.0 217.63 OK
r-devel-linux-x86_64-fedora-gcc 0.1.0 190.29 OK
r-devel-windows-x86_64 0.1.0 33.00 171.00 204.00 OK
r-devel-windows-x86_64-gcc10-UCRT 0.1.0 OK
r-patched-linux-x86_64 0.1.0 15.36 135.33 150.69 OK
r-patched-solaris-x86 0.1.0 257.10 OK
r-release-linux-x86_64 0.1.0 17.12 134.97 152.09 OK
r-release-macos-arm64 0.1.0 OK
r-release-macos-x86_64 0.1.0 OK
r-release-windows-ix86+x86_64 0.1.0 43.00 165.00 208.00 OK
r-oldrel-macos-x86_64 0.1.0 OK
r-oldrel-windows-ix86+x86_64 0.1.0 6.00 9.00 15.00 ERROR

Check Details

Version: 0.1.0
Check: whether package can be installed
Result: ERROR
    Installation failed.
Flavor: r-oldrel-windows-ix86+x86_64