CRAN Package Check Results for Package PhySortR

Last updated on 2022-12-09 23:52:15 CET.

Flavor Version Tinstall Tcheck Ttotal Status Flags
r-devel-linux-x86_64-debian-clang 1.0.8 11.49 92.36 103.85 NOTE
r-devel-linux-x86_64-debian-gcc 1.0.8 8.30 70.10 78.40 NOTE
r-devel-linux-x86_64-fedora-clang 1.0.8 135.19 NOTE
r-devel-linux-x86_64-fedora-gcc 1.0.8 136.19 NOTE
r-devel-windows-x86_64 1.0.8 18.00 112.00 130.00 NOTE
r-patched-linux-x86_64 1.0.8 13.30 85.95 99.25 NOTE
r-release-linux-x86_64 1.0.8 9.53 88.84 98.37 NOTE
r-release-macos-arm64 1.0.8 35.00 NOTE
r-release-macos-x86_64 1.0.8 50.00 NOTE
r-release-windows-x86_64 1.0.8 17.00 119.00 136.00 NOTE
r-oldrel-macos-arm64 1.0.8 43.00 NOTE
r-oldrel-macos-x86_64 1.0.8 71.00 NOTE
r-oldrel-windows-ix86+x86_64 1.0.8 25.00 107.00 132.00 NOTE

Check Details

Version: 1.0.8
Check: LazyData
Result: NOTE
     'LazyData' is specified without a 'data' directory
Flavors: r-devel-linux-x86_64-debian-clang, r-devel-linux-x86_64-debian-gcc, r-devel-linux-x86_64-fedora-clang, r-devel-linux-x86_64-fedora-gcc, r-devel-windows-x86_64, r-patched-linux-x86_64, r-release-linux-x86_64, r-release-macos-arm64, r-release-macos-x86_64, r-release-windows-x86_64, r-oldrel-macos-arm64, r-oldrel-macos-x86_64, r-oldrel-windows-ix86+x86_64