CRAN Package Check Results for Package PlaneGeometry

Last updated on 2022-10-02 06:52:17 CEST.

Flavor Version Tinstall Tcheck Ttotal Status Flags
r-devel-linux-x86_64-debian-clang 1.3.1 25.19 238.50 263.69 OK
r-devel-linux-x86_64-debian-gcc 1.3.1 20.20 159.98 180.18 OK
r-devel-linux-x86_64-fedora-clang 1.3.1 310.14 NOTE
r-devel-linux-x86_64-fedora-gcc 1.3.1 299.34 OK
r-devel-windows-x86_64 1.3.1 87.00 256.00 343.00 NOTE
r-patched-linux-x86_64 1.3.1 18.48 211.33 229.81 OK
r-release-linux-x86_64 1.3.1 22.58 212.14 234.72 OK
r-release-macos-arm64 1.3.1 86.00 NOTE
r-release-macos-x86_64 1.3.1 105.00 NOTE
r-release-windows-x86_64 1.3.1 107.00 260.00 367.00 NOTE
r-oldrel-macos-arm64 1.3.1 93.00 NOTE
r-oldrel-macos-x86_64 1.3.1 94.00 NOTE
r-oldrel-windows-ix86+x86_64 1.3.1 37.00 256.00 293.00 NOTE

Check Details

Version: 1.3.1
Check: installed package size
Result: NOTE
     installed size is 7.0Mb
     sub-directories of 1Mb or more:
     doc 5.9Mb
Flavors: r-devel-linux-x86_64-fedora-clang, r-devel-windows-x86_64, r-release-macos-arm64, r-release-macos-x86_64, r-release-windows-x86_64, r-oldrel-macos-arm64, r-oldrel-macos-x86_64, r-oldrel-windows-ix86+x86_64