Last updated on 2023-03-31 03:52:37 CEST.
Flavor | Version | Tinstall | Tcheck | Ttotal | Status | Flags |
---|---|---|---|---|---|---|
r-devel-linux-x86_64-debian-clang | 1.3.1 | 27.56 | 236.89 | 264.45 | OK | |
r-devel-linux-x86_64-debian-gcc | 1.3.1 | 18.38 | 167.67 | 186.05 | OK | |
r-devel-linux-x86_64-fedora-clang | 1.3.1 | 333.70 | NOTE | |||
r-devel-linux-x86_64-fedora-gcc | 1.3.1 | 334.00 | OK | |||
r-devel-windows-x86_64 | 1.3.1 | 112.00 | 281.00 | 393.00 | NOTE | |
r-patched-linux-x86_64 | 1.3.1 | 27.06 | 221.13 | 248.19 | OK | |
r-release-linux-x86_64 | 1.3.1 | 24.93 | 220.08 | 245.01 | OK | |
r-release-macos-arm64 | 1.3.1 | 86.00 | NOTE | |||
r-release-macos-x86_64 | 1.3.1 | 105.00 | NOTE | |||
r-release-windows-x86_64 | 1.3.1 | 125.00 | 271.00 | 396.00 | NOTE | |
r-oldrel-macos-arm64 | 1.3.1 | 93.00 | NOTE | |||
r-oldrel-macos-x86_64 | 1.3.1 | 94.00 | NOTE | |||
r-oldrel-windows-ix86+x86_64 | 1.3.1 | 39.00 | 258.00 | 297.00 | NOTE |
Version: 1.3.1
Check: installed package size
Result: NOTE
installed size is 7.0Mb
sub-directories of 1Mb or more:
doc 5.9Mb
Flavors: r-devel-linux-x86_64-fedora-clang, r-devel-windows-x86_64, r-release-macos-arm64, r-release-macos-x86_64, r-release-windows-x86_64, r-oldrel-macos-arm64, r-oldrel-macos-x86_64, r-oldrel-windows-ix86+x86_64