Last updated on 2023-09-27 09:02:21 CEST.
Flavor | Version | Tinstall | Tcheck | Ttotal | Status | Flags |
---|---|---|---|---|---|---|
r-devel-linux-x86_64-debian-clang | 1.0.4 | 28.82 | 266.42 | 295.24 | NOTE | |
r-devel-linux-x86_64-debian-gcc | 1.0.4 | 22.05 | 189.63 | 211.68 | NOTE | |
r-devel-linux-x86_64-fedora-clang | 1.0.4 | 359.02 | NOTE | |||
r-devel-linux-x86_64-fedora-gcc | 1.0.4 | 378.25 | NOTE | |||
r-devel-windows-x86_64 | 1.0.4 | 21.00 | 166.00 | 187.00 | NOTE | |
r-patched-linux-x86_64 | 1.0.4 | 24.24 | 253.53 | 277.77 | NOTE | |
r-release-linux-x86_64 | 1.0.4 | 23.99 | 254.59 | 278.58 | NOTE | |
r-release-macos-arm64 | 1.0.4 | 87.00 | NOTE | |||
r-release-macos-x86_64 | 1.0.4 | 161.00 | NOTE | |||
r-release-windows-x86_64 | 1.0.4 | 30.00 | 221.00 | 251.00 | NOTE | |
r-oldrel-macos-arm64 | 1.0.4 | 60.00 | OK | |||
r-oldrel-macos-x86_64 | 1.0.4 | 94.00 | OK | |||
r-oldrel-windows-x86_64 | 1.0.4 | 31.00 | 219.00 | 250.00 | NOTE |
Version: 1.0.4
Check: package dependencies
Result: NOTE
Package suggested but not available for checking: ‘RStoolbox’
Flavors: r-devel-linux-x86_64-debian-clang, r-devel-linux-x86_64-debian-gcc, r-devel-linux-x86_64-fedora-clang, r-devel-linux-x86_64-fedora-gcc, r-devel-windows-x86_64, r-patched-linux-x86_64, r-release-linux-x86_64, r-release-macos-arm64, r-release-macos-x86_64, r-release-windows-x86_64, r-oldrel-windows-x86_64