CRAN Package Check Results for Package PlasmaMutationDetector

Last updated on 2020-06-01 20:50:41 CEST.

Flavor Version Tinstall Tcheck Ttotal Status Flags
r-devel-linux-x86_64-debian-clang 1.7.2 44.62 392.04 436.66 OK
r-devel-linux-x86_64-debian-gcc 1.7.2 44.00 298.38 342.38 OK
r-devel-linux-x86_64-fedora-clang 1.7.2 549.16 OK
r-devel-linux-x86_64-fedora-gcc 1.7.2 543.41 OK
r-devel-windows-ix86+x86_64 1.7.2 121.00 368.00 489.00 OK
r-patched-linux-x86_64 1.7.2 40.38 387.04 427.42 OK
r-patched-solaris-x86 1.7.2 798.20 OK
r-release-linux-x86_64 1.7.2 35.25 380.85 416.10 OK
r-release-osx-x86_64 1.7.2 OK
r-release-windows-ix86+x86_64 1.7.2 98.00 460.00 558.00 OK
r-oldrel-osx-x86_64 1.7.2 ERROR
r-oldrel-windows-ix86+x86_64 1.7.2 91.00 357.00 448.00 OK

Check Details

Version: 1.7.2
Check: whether package can be installed
Result: ERROR
    Installation failed.
Flavor: r-oldrel-osx-x86_64