CRAN Package Check Results for Package PlasmaMutationDetector

Last updated on 2019-11-14 11:47:18 CET.

Flavor Version Tinstall Tcheck Ttotal Status Flags
r-devel-linux-x86_64-debian-clang 1.7.2 42.02 347.74 389.76 OK
r-devel-linux-x86_64-debian-gcc 1.7.2 25.11 263.86 288.97 OK
r-devel-linux-x86_64-fedora-clang 1.7.2 503.17 OK
r-devel-linux-x86_64-fedora-gcc 1.7.2 324.96 OK
r-devel-windows-ix86+x86_64 1.7.2 114.00 422.00 536.00 OK
r-patched-linux-x86_64 1.7.2 38.67 325.95 364.62 OK
r-patched-solaris-x86 1.7.2 741.30 OK
r-release-linux-x86_64 1.7.2 35.87 321.93 357.80 OK
r-release-windows-ix86+x86_64 1.7.2 85.00 416.00 501.00 OK
r-release-osx-x86_64 1.7.2 ERROR
r-oldrel-windows-ix86+x86_64 1.7.2 53.00 405.00 458.00 OK
r-oldrel-osx-x86_64 1.7.2 ERROR

Check Details

Version: 1.7.2
Check: whether package can be installed
Result: ERROR
    Installation failed.
Flavor: r-release-osx-x86_64

Version: 1.7.2
Check: package dependencies
Result: ERROR
    Packages required but not available:
     ‘VariantAnnotation’ ‘Rsamtools’ ‘rtracklayer’
    
    See section ‘The DESCRIPTION file’ in the ‘Writing R Extensions’
    manual.
Flavor: r-oldrel-osx-x86_64